{"id":1859,"date":"2015-10-26T16:54:03","date_gmt":"2015-10-26T15:54:03","guid":{"rendered":"http:\/\/ms-frauenfeld.ac.at\/wordpress\/?page_id=1859"},"modified":"2015-10-26T17:25:03","modified_gmt":"2015-10-26T16:25:03","slug":"ev-weitere-informationen","status":"publish","type":"page","link":"https:\/\/ms-frauenfeld.ac.at\/wordpress\/ev-weitere-informationen\/","title":{"rendered":"Weitere Informationen"},"content":{"rendered":"<p><span lang=\"DE-AT\"><span style=\"font-size: large;\"><strong>FAQ (Frequently Asked Questions)<\/strong><\/span><\/span><\/p>\n<h3><span style=\"font-family: Arial;\"><strong><span lang=\"DE-AT\"> Wie nehme ich Kontakt mit dem Elternverein auf?<\/span><\/strong><\/span><\/h3>\n<p><strong><span lang=\"DE-AT\">siehe Men\u00fcpunkt: <a href=\"http:\/\/ms-frauenfeld.ac.at\/wordpress\/ev-vorstand\/\"><u><span style=\"color: #0066cc;\">\u201eVorstand + Kontakt\u201c<\/span><\/u><\/a><\/span><\/strong><\/p>\n<p><strong><span lang=\"DE-AT\">Ihr erster Ansprechpartner f\u00fcr Klassenprobleme sind die beiden Elternvertreter\/Elternvertreterinnen Ihrer Klasse. Diese werden zu Beginn der ersten Klasse \u2013 meist beim ersten Elternabend \u2013 gew\u00e4hlt, bitte notieren Sie sich bei dieser Gelegenheit Name und Telefonnummer und\/oder E-Mail-Adresse der Elternvertreter.<\/span><\/strong><\/p>\n<h3><span style=\"font-family: Arial;\"><strong><span lang=\"DE-AT\">Elternsprechtag\/Elternabend <\/span><\/strong><\/span><\/h3>\n<p><strong><span lang=\"DE-AT\">Bitte n\u00fctzen Sie die Gelegenheit des ersten Elternabends, um alle Lehrer Ihres Kindes kurz pers\u00f6nlich kennen zu lernen.<br \/>\nIm Sinne der individuellen Betreuung der Sch\u00fcler ist vorgesehen, dass Sie als Eltern mit den jeweiligen Lehrern im Rahmen der Sprechstunden Kontakt aufnehmen.<br \/>\n<\/span><\/strong><span style=\"font-family: Arial;\"><strong> <span lang=\"DE-AT\"><br \/>\nWoher wei\u00df ich, wann welcher Lehrer Sprechstunden hat?<\/span><\/strong><\/span><\/p>\n<p><strong><span lang=\"DE-AT\">Die Lehrerinnen und Lehrer sind gerne bereit auch Termine zu vereinbaren, um allen Eltern die M\u00f6glichkeit zur Kontaktaufnahme zu geben und deren Zeitplan entgegenzukommen. Wir empfehlen deshalb, auf jeden Fall vorher mit der Lehrerin\/dem Lehrer telefonisch einen Termin zu vereinbaren oder dies schriftlich \u00fcber das Mitteilungsheft zu tun.<br \/>\n<\/span><\/strong><span style=\"font-family: Arial;\"><strong> <span lang=\"DE-AT\"><br \/>\nWer ist sonst f\u00fcr mich da, wenn ich Rat und Auskunft brauche?<\/span><\/strong><\/span><\/p>\n<p><strong><span lang=\"DE-AT\">Siehe Men\u00fcpunkt: <a href=\"http:\/\/ms-frauenfeld.ac.at\/wordpress\/ev-vorstand\/\"><u><span style=\"color: #0066cc;\">\u201eVorstand + Kontakt\u201c<\/span><\/u><\/a><\/span><\/strong><\/p>\n<p><strong><span lang=\"DE-AT\">F\u00fcr Ausk\u00fcnfte, die speziell Ihr Kind oder Angelegenheiten Ihrer Klasse betreffen, ist immer der Klassenvorstand Ihr erster Ansprechpartner.<br \/>\n<\/span><\/strong><span style=\"font-family: Arial;\"><strong> <span lang=\"DE-AT\"><br \/>\nHilfe, es gibt ein famili\u00e4res Problem!<\/span><\/strong><\/span><\/p>\n<p><strong><span lang=\"DE-AT\">So sehr wir es uns alle nicht w\u00fcnschen \u2013 hin und wieder kommt es zu famili\u00e4ren Schwierigkeiten, die die Kinder \u2013 oft anfangs unbemerkt \u2013 belasten und die sich auf die schulischen Erfolge auswirken. Bitte scheuen Sie sich nicht, Ihren Klassenvorstand in groben Z\u00fcgen zu informieren. Niemand erwartet, dass Sie Ihre Lebensgeschichte offenbaren, aber eine allgemeine Information \u00fcber die Situation hilft der Lehrerin\/dem Lehrer, Ihr Kind besser zu verstehen und die besonderen Umst\u00e4nde zu ber\u00fccksichtigen.<br \/>\n<\/span><\/strong><span style=\"font-family: Arial;\"><strong> <span lang=\"DE-AT\"><br \/>\nHilfe, es gibt ein schulisches Problem!<\/span><\/strong><\/span><\/p>\n<p><strong><span lang=\"DE-AT\">Wenn Sie bemerken, dass bei Ihrem Kind oder bei mehreren Kindern Ihrer Klasse kleinere Probleme auftauchen, werden Sie bitte aktiv!<br \/>\nSolange es noch kleine Unstimmigkeiten sind, kann etwas unternommen werden, um Missverst\u00e4ndnisse zu bereinigen. In vielen F\u00e4llen hat sich gezeigt, dass durch die richtige Information und dem gemeinsamen Gespr\u00e4ch mit allen Betroffenen gr\u00f6bere Problematiken verhindert werden k\u00f6nnen.<br \/>\nWarten Sie nicht, bis es zu einem unl\u00f6sbaren Problem wird und sich Fronten verh\u00e4rten!<br \/>\n\u2022 Nehmen Sie Kontakt mit Ihren Elternvertretern und anderen Eltern Ihrer Klasse auf, sprechen<br \/>\nSie mit der\u00a0betroffenen Lehrkraft.<br \/>\n\u2022 Sprechen Sie mit Ihrem Klassenvorstand, er\/sie kennt sowohl die Lehrer\/die Lehrerinnen als<br \/>\nauch die Sch\u00fcler und Sch\u00fclerinnen Ihrer Klasse und kann Missverst\u00e4ndnisse kl\u00e4ren.<\/span><\/strong><\/p>\n<p><strong><span lang=\"DE-AT\">Wenn Sie das Problem nicht l\u00f6sen k\u00f6nnen, ist vom Elternvereinsvorstand gerne jemand bereit zu vermitteln.<\/span><\/strong><\/p>\n<h3><span style=\"font-family: Arial;\"><strong><span lang=\"DE-AT\">Wertgegenst\u00e4nde<\/span><\/strong><\/span><\/h3>\n<p><strong><span lang=\"DE-AT\">Den Sch\u00fclern stehen Garderobek\u00e4stchen zur Verf\u00fcgung, um w\u00e4hrend des Unterrichts Kleidungsst\u00fccke aufzubewahren. In einer Schule dieser Gr\u00f6\u00dfe sind einzelne Diebst\u00e4hle und Sachbesch\u00e4digungen auch beim besten Willen nicht zu verhindern. Bitte achten Sie darauf, dass Ihr Kind keine gr\u00f6\u00dferen Geldbetr\u00e4ge, Dokumente, Kredit- und Bankomatkarten in die Schule mitnimmt und Wertgegenst\u00e4nde wie Handy, Digitalkameras etc. entsprechend beaufsichtigt und verwahrt. <\/span><\/strong><\/p>\n<p><strong><span lang=\"DE-AT\">\u00a0<\/span><\/strong><\/p>\n","protected":false},"excerpt":{"rendered":"<p>FAQ (Frequently Asked Questions) Wie nehme ich Kontakt mit dem Elternverein auf? siehe Men\u00fcpunkt: \u201eVorstand + Kontakt\u201c Ihr erster Ansprechpartner f\u00fcr Klassenprobleme sind die beiden Elternvertreter\/Elternvertreterinnen Ihrer Klasse. Diese werden\u2026<\/p>\n<p class=\"continue-reading-button\"> <a class=\"continue-reading-link\" href=\"https:\/\/ms-frauenfeld.ac.at\/wordpress\/ev-weitere-informationen\/\">Lesen Sie mehr&#8230;<i class=\"crycon-right-dir\"><\/i><\/a><\/p>\n","protected":false},"author":2,"featured_media":0,"parent":0,"menu_order":0,"comment_status":"closed","ping_status":"closed","template":"","meta":{"footnotes":""},"_links":{"self":[{"href":"https:\/\/ms-frauenfeld.ac.at\/wordpress\/wp-json\/wp\/v2\/pages\/1859"}],"collection":[{"href":"https:\/\/ms-frauenfeld.ac.at\/wordpress\/wp-json\/wp\/v2\/pages"}],"about":[{"href":"https:\/\/ms-frauenfeld.ac.at\/wordpress\/wp-json\/wp\/v2\/types\/page"}],"author":[{"embeddable":true,"href":"https:\/\/ms-frauenfeld.ac.at\/wordpress\/wp-json\/wp\/v2\/users\/2"}],"replies":[{"embeddable":true,"href":"https:\/\/ms-frauenfeld.ac.at\/wordpress\/wp-json\/wp\/v2\/comments?post=1859"}],"version-history":[{"count":0,"href":"https:\/\/ms-frauenfeld.ac.at\/wordpress\/wp-json\/wp\/v2\/pages\/1859\/revisions"}],"wp:attachment":[{"href":"https:\/\/ms-frauenfeld.ac.at\/wordpress\/wp-json\/wp\/v2\/media?parent=1859"}],"curies":[{"name":"wp","href":"https:\/\/api.w.org\/{rel}","templated":true}]}}