{"id":612,"date":"2015-07-12T21:01:14","date_gmt":"2015-07-12T19:01:14","guid":{"rendered":"http:\/\/ms-frauenfeld.ac.at\/wordpress\/?page_id=612"},"modified":"2017-03-06T20:03:09","modified_gmt":"2017-03-06T19:03:09","slug":"schulprofil","status":"publish","type":"page","link":"https:\/\/ms-frauenfeld.ac.at\/wordpress\/unsere-schule\/schulprofil\/","title":{"rendered":"Schulprofil"},"content":{"rendered":"<p><strong> Unser Leitbild \u00a0 \u00a0 \u00a0 \u00a0 \u00a0 \u00a0 \u00a0 \u00a0 \u00a0 \u00a0 \u00a0 \u00a0 \u00a0 \u00a0 \u00a0 \u00a0 \u00a0 \u00a0 \u00a0 \u00a0 \u00a0 \u00a0 \u00a0 \u00a0 \u00a0 \u00a0 \u00a0 \u00a0 \u00a0 \u00a0 \u00a0 \u00a0 \u00a0 \u00a0 \u00a0 \u00a0 \u00a0 \u00a0 \u00a0 \u00a0 \u00a0 \u00a0 \u00a0 \u00a0 \u00a0 \u00a0 \u00a0 <a href=\"http:\/\/ms-frauenfeld.ac.at\/wordpress\/foerderkonzept\/\">F\u00f6rderkonzept<\/a><\/strong><\/p>\n<p>Wir wollen unseren Sch\u00fclerinnen und Sch\u00fclern ein fundiertes Wissen (Fachkompetenz) vermitteln und ihre Selbst- und Sozialkompetenz\u00a0 f\u00f6rdern &#8211;<br \/>\nals wichtige Beitr\u00e4ge zur Pers\u00f6nlichkeitsbildung und Orientierungshilfe im Leben.<\/p>\n<ul>\n<li><strong>Selbstkompetenz<\/strong> (die Arbeit an der eigenen Pers\u00f6nlichkeit),<\/li>\n<li><strong>Sozialkompetenz <\/strong>(F\u00e4higkeit, andere zu verstehen und sich ihnen gegen\u00fcber situationsangemessen und klug zu verhalten &#8211; beachten Sie\u00a0hierzu auch unseren <a href=\"http:\/\/ms-frauenfeld.ac.at\/wordpress\/unsere-schule\/schulprofil\/schulleitfaden\/\">Schulleitfaden<\/a>) und<\/li>\n<li><strong>Sachkompetenz<\/strong> (nachhaltiges Wissen),<\/li>\n<li><strong>Kommunikationsf\u00e4higkeit<\/strong> und<\/li>\n<li><strong>Methodenkompetenz<\/strong> (die F\u00e4higkeit, Fachwissen zu beschaffen und zu verwerten)<\/li>\n<\/ul>\n<p>sind Schl\u00fcsselqualifikationen, die unsere Sch\u00fclerinnen und Sch\u00fcler zu verantwortungsbewussten, kritischen, teamf\u00e4higen und flexiblen Menschen machen.<\/p>\n<p>Wir stellen uns der Aufgabe, unsere Sch\u00fclerinnen und Sch\u00fcler nach Interesse, Neigung, Begabung und F\u00e4higkeit f\u00fcr den \u00dcbertritt in <strong>weiterf\u00fchrende Schulen<\/strong><br \/>\nund auf das <strong>Berufsleben<\/strong> vorzubereiten. Das Kind lernt, sich mit den eigenen St\u00e4rken auseinanderzusetzen und kann<\/p>\n<ul>\n<li>eigene F\u00e4higkeiten und Talente erkennen,<\/li>\n<li>Entscheidungen vorbereiten, treffen und umsetzen,<\/li>\n<li>eigene Ziele definieren und verfolgen und<\/li>\n<li>Eigenverantwortung f\u00fcr den Prozess der Bildungs- und Berufsorientierung \u00fcbernehmen.<\/li>\n<\/ul>\n<p>Unter dem Motto \u201e<strong>sich selbst entfalten und die Kraft der Gruppe nutzen<\/strong>\u201c f\u00f6rdern wir<\/p>\n<ul>\n<li>Einzelarbeit, Klein- und Gro\u00dfgruppenarbeit<\/li>\n<li>Einsch\u00e4tzung der eigenen Leistung<\/li>\n<li>Umgang mit Zeit<\/li>\n<li>Durchhalteverm\u00f6gen<\/li>\n<li>Neugierde<\/li>\n<li>\u00dcbernehmen von Verantwortung f\u00fcr das eigene Tun<\/li>\n<li>Zuh\u00f6ren k\u00f6nnen<\/li>\n<li>Vertreten und Begr\u00fcnden der eigenen Meinung<\/li>\n<li>Geben und Annehmen von R\u00fcckmeldung<\/li>\n<li>Eingehen von Kompromissen<\/li>\n<\/ul>\n<p>Der Einsatz digitaler Technologien ist eine unabdingbare Voraussetzung f\u00fcr zeitgem\u00e4\u00dfes Lernen. Wir bef\u00e4higen unsere Sch\u00fclerinnen und Sch\u00fcler zur Erstellung<br \/>\neigenst\u00e4ndiger Arbeiten <strong>mit Mitteln der<\/strong> <strong>Informationstechnologie<\/strong> in altersgem\u00e4\u00dfer Form.<\/p>\n<p>Lernen gelingt in einer <strong>durch Wertsch\u00e4tzung gepr\u00e4gten Umgebung<\/strong>. Klare Rahmenvorgaben, eine f\u00f6rderliche R\u00fcckmeldekultur,<br \/>\nrespektvoller Umgang und eine hohe Qualit\u00e4t der Beziehung zu den Kindern und Jugendlichen sind unsere erkl\u00e4rten Ziele im Bildungs- und Erziehungsprozess.<\/p>\n<p>Das p\u00e4dagogische Team der Neuen N\u00d6 Mittelschule Schwechat-Frauenfeld Europaschule<\/p>\n","protected":false},"excerpt":{"rendered":"<p>Unser Leitbild \u00a0 \u00a0 \u00a0 \u00a0 \u00a0 \u00a0 \u00a0 \u00a0 \u00a0 \u00a0 \u00a0 \u00a0 \u00a0 \u00a0 \u00a0 \u00a0 \u00a0 \u00a0 \u00a0 \u00a0 \u00a0 \u00a0 \u00a0 \u00a0 \u00a0 \u00a0 \u00a0 \u00a0\u2026<\/p>\n<p class=\"continue-reading-button\"> <a class=\"continue-reading-link\" href=\"https:\/\/ms-frauenfeld.ac.at\/wordpress\/unsere-schule\/schulprofil\/\">Lesen Sie mehr&#8230;<i class=\"crycon-right-dir\"><\/i><\/a><\/p>\n","protected":false},"author":2,"featured_media":0,"parent":602,"menu_order":30,"comment_status":"closed","ping_status":"closed","template":"","meta":{"footnotes":""},"_links":{"self":[{"href":"https:\/\/ms-frauenfeld.ac.at\/wordpress\/wp-json\/wp\/v2\/pages\/612"}],"collection":[{"href":"https:\/\/ms-frauenfeld.ac.at\/wordpress\/wp-json\/wp\/v2\/pages"}],"about":[{"href":"https:\/\/ms-frauenfeld.ac.at\/wordpress\/wp-json\/wp\/v2\/types\/page"}],"author":[{"embeddable":true,"href":"https:\/\/ms-frauenfeld.ac.at\/wordpress\/wp-json\/wp\/v2\/users\/2"}],"replies":[{"embeddable":true,"href":"https:\/\/ms-frauenfeld.ac.at\/wordpress\/wp-json\/wp\/v2\/comments?post=612"}],"version-history":[{"count":0,"href":"https:\/\/ms-frauenfeld.ac.at\/wordpress\/wp-json\/wp\/v2\/pages\/612\/revisions"}],"up":[{"embeddable":true,"href":"https:\/\/ms-frauenfeld.ac.at\/wordpress\/wp-json\/wp\/v2\/pages\/602"}],"wp:attachment":[{"href":"https:\/\/ms-frauenfeld.ac.at\/wordpress\/wp-json\/wp\/v2\/media?parent=612"}],"curies":[{"name":"wp","href":"https:\/\/api.w.org\/{rel}","templated":true}]}}

<p><strong> Unser Leitbild                                                                                               <a href="http://ms-frauenfeld.ac.at/wordpress/foerderkonzept/">Förderkonzept</a></strong></p>
<p>Wir wollen unseren Schülerinnen und Schülern ein fundiertes Wissen (Fachkompetenz) vermitteln und ihre Selbst- und Sozialkompetenz  fördern &#8211;<br />
als wichtige Beiträge zur Persönlichkeitsbildung und Orientierungshilfe im Leben.</p>
<ul>
<li><strong>Selbstkompetenz</strong> (die Arbeit an der eigenen Persönlichkeit),</li>
<li><strong>Sozialkompetenz </strong>(Fähigkeit, andere zu verstehen und sich ihnen gegenüber situationsangemessen und klug zu verhalten &#8211; beachten Sie hierzu auch unseren <a href="http://ms-frauenfeld.ac.at/wordpress/unsere-schule/schulprofil/schulleitfaden/">Schulleitfaden</a>) und</li>
<li><strong>Sachkompetenz</strong> (nachhaltiges Wissen),</li>
<li><strong>Kommunikationsfähigkeit</strong> und</li>
<li><strong>Methodenkompetenz</strong> (die Fähigkeit, Fachwissen zu beschaffen und zu verwerten)</li>
</ul>
<p>sind Schlüsselqualifikationen, die unsere Schülerinnen und Schüler zu verantwortungsbewussten, kritischen, teamfähigen und flexiblen Menschen machen.</p>
<p>Wir stellen uns der Aufgabe, unsere Schülerinnen und Schüler nach Interesse, Neigung, Begabung und Fähigkeit für den Übertritt in <strong>weiterführende Schulen</strong><br />
und auf das <strong>Berufsleben</strong> vorzubereiten. Das Kind lernt, sich mit den eigenen Stärken auseinanderzusetzen und kann</p>
<ul>
<li>eigene Fähigkeiten und Talente erkennen,</li>
<li>Entscheidungen vorbereiten, treffen und umsetzen,</li>
<li>eigene Ziele definieren und verfolgen und</li>
<li>Eigenverantwortung für den Prozess der Bildungs- und Berufsorientierung übernehmen.</li>
</ul>
<p>Unter dem Motto „<strong>sich selbst entfalten und die Kraft der Gruppe nutzen</strong>“ fördern wir</p>
<ul>
<li>Einzelarbeit, Klein- und Großgruppenarbeit</li>
<li>Einschätzung der eigenen Leistung</li>
<li>Umgang mit Zeit</li>
<li>Durchhaltevermögen</li>
<li>Neugierde</li>
<li>Übernehmen von Verantwortung für das eigene Tun</li>
<li>Zuhören können</li>
<li>Vertreten und Begründen der eigenen Meinung</li>
<li>Geben und Annehmen von Rückmeldung</li>
<li>Eingehen von Kompromissen</li>
</ul>
<p>Der Einsatz digitaler Technologien ist eine unabdingbare Voraussetzung für zeitgemäßes Lernen. Wir befähigen unsere Schülerinnen und Schüler zur Erstellung<br />
eigenständiger Arbeiten <strong>mit Mitteln der</strong> <strong>Informationstechnologie</strong> in altersgemäßer Form.</p>
<p>Lernen gelingt in einer <strong>durch Wertschätzung geprägten Umgebung</strong>. Klare Rahmenvorgaben, eine förderliche Rückmeldekultur,<br />
respektvoller Umgang und eine hohe Qualität der Beziehung zu den Kindern und Jugendlichen sind unsere erklärten Ziele im Bildungs- und Erziehungsprozess.</p>
<p>Das pädagogische Team der Neuen NÖ Mittelschule Schwechat-Frauenfeld Europaschule</p>
