{"id":644,"date":"2015-07-13T07:26:15","date_gmt":"2015-07-13T05:26:15","guid":{"rendered":"http:\/\/ms-frauenfeld.ac.at\/wordpress\/?page_id=644"},"modified":"2021-04-01T19:10:43","modified_gmt":"2021-04-01T17:10:43","slug":"oekolog","status":"publish","type":"page","link":"https:\/\/ms-frauenfeld.ac.at\/wordpress\/unsere-schule\/oekolog\/","title":{"rendered":"\u00d6kolog"},"content":{"rendered":"<p align=\"center\"><span style=\"font-size: x-large; color: #003366;\"><strong>\u00d6KOLOG-Schulen sind Schulen zum Wohlf\u00fchlen.<a href=\"https:\/\/ms-frauenfeld.ac.at\/wordpress\/wp-content\/uploads\/2021\/04\/Oeko.png\"><img decoding=\"async\" loading=\"lazy\" class=\"size-thumbnail wp-image-95497 alignright\" src=\"https:\/\/ms-frauenfeld.ac.at\/wordpress\/wp-content\/uploads\/2021\/04\/Oeko-150x103.png\" alt=\"\" width=\"150\" height=\"103\" srcset=\"https:\/\/ms-frauenfeld.ac.at\/wordpress\/wp-content\/uploads\/2021\/04\/Oeko-150x103.png 150w, https:\/\/ms-frauenfeld.ac.at\/wordpress\/wp-content\/uploads\/2021\/04\/Oeko-300x207.png 300w, https:\/\/ms-frauenfeld.ac.at\/wordpress\/wp-content\/uploads\/2021\/04\/Oeko.png 450w\" sizes=\"(max-width: 150px) 100vw, 150px\" \/><\/a><\/strong><\/span><\/p>\n<p style=\"text-align: left;\" align=\"center\"><span style=\"font-size: large;\">Es soll der Schulalltag so gestaltet werden, wie es in der\u00a0 <a href=\"http:\/\/ms-frauenfeld.ac.at\/wordpress\/wp-content\/uploads\/2015\/07\/Deklaration_Oekolog.pdf\" target=\"_blank\" rel=\"noopener noreferrer\">\u00d6KOLOG-DEKLARATION (hier klicken) <\/a>beschrieben ist! <\/span><a href=\"http:\/\/ms-frauenfeld.ac.at\/wordpress\/wp-content\/uploads\/2015\/07\/Oekolog_Definition.pdf\" target=\"_blank\" rel=\"noopener noreferrer\">\u00d6kologdefinition: hier klicken&#8230;<\/a><\/p>\n<p align=\"center\"><b><a href=\"http:\/\/www.oekolog.at\" target=\"_blank\" rel=\"noopener noreferrer\">LINK zum \u00d6KOLOG-Netzwerk<\/a><\/b><\/p>\n<table style=\"width: 100%;\">\n<tbody>\n<tr>\n<td style=\"width: 20.7143%;\"><a href=\"http:\/\/ms-frauenfeld.ac.at\/wordpress\/wp-content\/uploads\/2015\/07\/SWI_Stadtfernsehen.jpg\"><img decoding=\"async\" loading=\"lazy\" class=\"alignleft size-full wp-image-88505\" src=\"http:\/\/ms-frauenfeld.ac.at\/wordpress\/wp-content\/uploads\/2015\/07\/SWI_Stadtfernsehen.jpg\" alt=\"SWI_Stadtfernsehen\" width=\"123\" height=\"68\" \/><\/a><\/td>\n<td style=\"width: 59.881%;\">Das Stadtfernsehen berichtet \u00fcber die Wasserjugendspiele (organisiert von der NMS Schwechat-Frauenfeld)<\/td>\n<td style=\"width: 1.19048%;\"><a href=\"https:\/\/www.youtube.com\/watch?v=U--hCLowZWo\" target=\"_blank\" rel=\"noopener noreferrer\">hier<\/a><br \/>\n<a href=\"https:\/\/www.youtube.com\/watch?v=U--hCLowZWo\" target=\"_blank\" rel=\"noopener noreferrer\">klicken&#8230;<\/a><\/td>\n<td style=\"width: 17.9762%;\"><\/td>\n<\/tr>\n<\/tbody>\n<\/table>\n<p style=\"text-align: left;\"><b><span style=\"font-size: x-large;\"><a href=\"http:\/\/www.oekolog.at\" target=\"_blank\" rel=\"noopener noreferrer\">LINK zum \u00d6KOLOG-Netzwerk<\/a><\/span><\/b><\/p>\n","protected":false},"excerpt":{"rendered":"<p>\u00d6KOLOG-Schulen sind Schulen zum Wohlf\u00fchlen. Es soll der Schulalltag so gestaltet werden, wie es in der\u00a0 \u00d6KOLOG-DEKLARATION (hier klicken) beschrieben ist! \u00d6kologdefinition: hier klicken&#8230; LINK zum \u00d6KOLOG-Netzwerk Das Stadtfernsehen berichtet\u2026<\/p>\n<p class=\"continue-reading-button\"> <a class=\"continue-reading-link\" href=\"https:\/\/ms-frauenfeld.ac.at\/wordpress\/unsere-schule\/oekolog\/\">Lesen Sie mehr&#8230;<i class=\"crycon-right-dir\"><\/i><\/a><\/p>\n","protected":false},"author":2,"featured_media":819,"parent":602,"menu_order":0,"comment_status":"closed","ping_status":"closed","template":"","meta":{"footnotes":""},"_links":{"self":[{"href":"https:\/\/ms-frauenfeld.ac.at\/wordpress\/wp-json\/wp\/v2\/pages\/644"}],"collection":[{"href":"https:\/\/ms-frauenfeld.ac.at\/wordpress\/wp-json\/wp\/v2\/pages"}],"about":[{"href":"https:\/\/ms-frauenfeld.ac.at\/wordpress\/wp-json\/wp\/v2\/types\/page"}],"author":[{"embeddable":true,"href":"https:\/\/ms-frauenfeld.ac.at\/wordpress\/wp-json\/wp\/v2\/users\/2"}],"replies":[{"embeddable":true,"href":"https:\/\/ms-frauenfeld.ac.at\/wordpress\/wp-json\/wp\/v2\/comments?post=644"}],"version-history":[{"count":0,"href":"https:\/\/ms-frauenfeld.ac.at\/wordpress\/wp-json\/wp\/v2\/pages\/644\/revisions"}],"up":[{"embeddable":true,"href":"https:\/\/ms-frauenfeld.ac.at\/wordpress\/wp-json\/wp\/v2\/pages\/602"}],"wp:featuredmedia":[{"embeddable":true,"href":"https:\/\/ms-frauenfeld.ac.at\/wordpress\/wp-json\/wp\/v2\/media\/819"}],"wp:attachment":[{"href":"https:\/\/ms-frauenfeld.ac.at\/wordpress\/wp-json\/wp\/v2\/media?parent=644"}],"curies":[{"name":"wp","href":"https:\/\/api.w.org\/{rel}","templated":true}]}}