{"id":646,"date":"2015-07-13T07:26:47","date_gmt":"2015-07-13T05:26:47","guid":{"rendered":"http:\/\/ms-frauenfeld.ac.at\/wordpress\/?page_id=646"},"modified":"2022-02-14T18:54:22","modified_gmt":"2022-02-14T17:54:22","slug":"berufsorientierung","status":"publish","type":"page","link":"https:\/\/ms-frauenfeld.ac.at\/wordpress\/unsere-schule\/berufsorientierung\/","title":{"rendered":"Berufsorientierung"},"content":{"rendered":"<p>\u200b<\/p>\n<table>\n<tbody>\n<tr>\n<td><b><span lang=\"DE-AT\"> <span style=\"color: #ff0000; font-size: x-large;\">NMS-Schwechat mit BO-G\u00fctesiegel 2019 ausgezeichnet<\/span><\/span><\/b><\/p>\n<p>Da in unserer Schule Berufsorientierung als sehr wichtig angesehen wird, haben wir uns um das BO-G\u00fctesiegel beworben. Ein Komitee aus den verschiedensten Berufssparten und der Wirtschaftskammer, unter anderem die Pr\u00e4sidentin der Wirtschaftskammer N\u00d6 Frau Sonja Zwazl, haben die Einreichung beurteilt und das G\u00fctesiegel verliehen.S\u00e4mtliche Kriterien, wie Selbsteinsch\u00e4tzung\/Fremdeinsch\u00e4tzung, das Bildungssystem in \u00d6sterreich, Betriebsbesichtigungen, Berufstr\u00e4gerinterviews, das Schreiben von Lebenslauf und Bewerbung usw. wurden von unserer Schule bravour\u00f6s erf\u00fcllt.<\/td>\n<td data-wp-editing=\"1\">\u00a0<img decoding=\"async\" loading=\"lazy\" class=\"alignleft wp-image-92754 size-medium\" style=\"font-size: 15px;\" src=\"http:\/\/ms-frauenfeld.ac.at\/wordpress\/wp-content\/uploads\/2019\/05\/BO_Guetesiegel_2022_II-275x300.jpg\" alt=\"\" width=\"275\" height=\"300\" \/><\/td>\n<\/tr>\n<\/tbody>\n<\/table>\n<table style=\"height: 297px; width: 1156px;\">\n<tbody>\n<tr>\n<td style=\"width: 182px;\">Tag der Lehre im MAK<\/td>\n<td style=\"width: 876px;\"><a href=\"http:\/\/ms-frauenfeld.ac.at\/wordpress\/tag-der-lehre-im-mak-2019\/\" target=\"_blank\" rel=\"noopener noreferrer\">http:\/\/ms-frauenfeld.ac.at\/wordpress\/tag-der-lehre-im-mak-2019\/<\/a><\/td>\n<\/tr>\n<tr>\n<td style=\"width: 182px;\">3c: Tag der Lehre<\/td>\n<td style=\"width: 876px;\"><a href=\"http:\/\/ms-frauenfeld.ac.at\/wordpress\/tag-der-lehre\/\" target=\"_blank\" rel=\"noopener noreferrer\">http:\/\/ms-frauenfeld.ac.at\/wordpress\/tag-der-lehre\/<\/a><\/td>\n<\/tr>\n<tr>\n<td style=\"width: 182px;\">Wahlpflichtfach: Weiterf\u00fchrende Schulen<\/td>\n<td style=\"width: 876px;\"><a href=\"http:\/\/ms-frauenfeld.ac.at\/wordpress\/wahlpflichtfach-weiterfuehrende-schule\/\" target=\"_blank\" rel=\"noopener noreferrer\">http:\/\/ms-frauenfeld.ac.at\/wordpress\/wahlpflichtfach-weiterfuehrende-schule\/<\/a><\/td>\n<\/tr>\n<tr>\n<td style=\"width: 182px;\">NOEN: WIFI G\u00fctesiegel<\/td>\n<td style=\"width: 876px;\"><a href=\"http:\/\/ms-frauenfeld.ac.at\/wordpress\/noen-wifi-guetesiegel\/\" target=\"_blank\" rel=\"noopener noreferrer\">http:\/\/ms-frauenfeld.ac.at\/wordpress\/noen-wifi-guetesiegel\/<\/a><\/td>\n<\/tr>\n<tr>\n<td style=\"width: 182px;\">NMS-Schwechat mit BO-G\u00fctesiegel ausgestattet<\/td>\n<td style=\"width: 876px;\"><a href=\"http:\/\/ms-frauenfeld.ac.at\/wordpress\/nms-schwechat-mit-bo-guetesiegel-2019-ausgezeichnet\/\" target=\"_blank\" rel=\"noopener noreferrer\">http:\/\/ms-frauenfeld.ac.at\/wordpress\/nms-schwechat-mit-bo-guetesiegel-2019-ausgezeichnet\/<\/a><\/td>\n<\/tr>\n<tr>\n<td style=\"width: 182px;\">4. Klassen: Lehre? Respekt!<\/td>\n<td style=\"width: 876px;\"><a href=\"http:\/\/ms-frauenfeld.ac.at\/wordpress\/lehre-respekt\/\" target=\"_blank\" rel=\"noopener noreferrer\">http:\/\/ms-frauenfeld.ac.at\/wordpress\/lehre-respekt\/<\/a><\/td>\n<\/tr>\n<tr style=\"height: 48px;\">\n<td style=\"height: 48px; width: 182px;\">Die 2c besucht Radio Arabella<\/td>\n<td style=\"height: 48px; width: 876px;\"><a href=\"http:\/\/ms-frauenfeld.ac.at\/wordpress\/radio-arabelle\/\" target=\"_blank\" rel=\"noopener noreferrer\">http:\/\/ms-frauenfeld.ac.at\/wordpress\/radio-arabelle\/<\/a><\/td>\n<\/tr>\n<tr style=\"height: 48px;\">\n<td style=\"height: 48px; width: 182px;\">Berufspraktische Tage der 4. Klassen<\/td>\n<td style=\"height: 48px; width: 876px;\"><a href=\"http:\/\/ms-frauenfeld.ac.at\/wordpress\/berufspraktische-tage-der-4-klassen\/\" target=\"_blank\" rel=\"noopener noreferrer\">http:\/\/ms-frauenfeld.ac.at\/wordpress\/berufspraktische-tage-der-4-klassen\/<\/a><\/td>\n<\/tr>\n<tr style=\"height: 80px;\">\n<td style=\"height: 66px; width: 182px;\"><span style=\"font-size: 12pt;\">Jugend und Berufsinformationsmesse im Lafarge Mannersdorf<\/span><\/td>\n<td style=\"height: 66px; width: 876px;\"><a href=\"http:\/\/ms-frauenfeld.ac.at\/wordpress\/jugend-und-berufsinformationsmesse-im-lafarge-mannersdorf\/\" target=\"_blank\" rel=\"noopener noreferrer\">http:\/\/ms-frauenfeld.ac.at\/wordpress\/jugend-und-berufsinformationsmesse-im-lafarge-mannersdorf\/<\/a><\/td>\n<\/tr>\n<tr>\n<td style=\"width: 182px;\"><span style=\"font-size: 12pt;\">Tag der Lehre im MAK Wien<\/span><\/td>\n<td style=\"width: 876px;\"><a href=\"http:\/\/ms-frauenfeld.ac.at\/wordpress\/tag-der-lehre-im-mak-wien\/\" target=\"_blank\" rel=\"noopener noreferrer\">http:\/\/ms-frauenfeld.ac.at\/wordpress\/tag-der-lehre-im-mak-wien\/<\/a><\/td>\n<\/tr>\n<tr>\n<td style=\"width: 182px;\"><span style=\"font-size: 12pt;\">Technik an er NMS- Projektarbeit<\/span><\/td>\n<td style=\"width: 876px;\"><a href=\"http:\/\/ms-frauenfeld.ac.at\/wordpress\/technik-an-der-nms-projektarbeit\/\" target=\"_blank\" rel=\"noopener noreferrer\">http:\/\/ms-frauenfeld.ac.at\/wordpress\/technik-an-der-nms-projektarbeit\/<\/a><\/td>\n<\/tr>\n<tr>\n<td style=\"width: 182px;\">Lehre? Respekt!<\/td>\n<td style=\"width: 876px;\"><a href=\"http:\/\/ms-frauenfeld.ac.at\/wordpress\/lehre-respekt\/\" target=\"_blank\" rel=\"noopener noreferrer\">http:\/\/ms-frauenfeld.ac.at\/wordpress\/lehre-respekt\/<\/a><\/td>\n<\/tr>\n<tr>\n<td style=\"width: 182px;\">M\u00e4dchen in Technik<\/td>\n<td style=\"width: 876px;\"><a href=\"http:\/\/ms-frauenfeld.ac.at\/wordpress\/maedchen-in-technik\/\" target=\"_blank\" rel=\"noopener noreferrer\">http:\/\/ms-frauenfeld.ac.at\/wordpress\/maedchen-in-technik\/<\/a><\/td>\n<\/tr>\n<tr>\n<td style=\"width: 182px;\"><span style=\"font-size: 12pt;\">Service an der NMS &#8211; Jugendcoaching<br \/>\n<\/span><\/td>\n<td style=\"width: 876px;\"><a style=\"color: #d6341d;\" href=\"http:\/\/ms-frauenfeld.ac.at\/wordpress\/service-an-der-nms-jugendcoaching\/\" target=\"_blank\" rel=\"noopener noreferrer\">http:\/\/ms-frauenfeld.ac.at\/wordpress\/service-an-der-nms-jugendcoaching\/<\/a><\/td>\n<\/tr>\n<\/tbody>\n<\/table>\n<p>&nbsp;<\/p>\n<table>\n<tbody>\n<tr>\n<td>\n<p><div id=\"attachment_812\" style=\"width: 222px\" class=\"wp-caption alignnone\"><a href=\"http:\/\/ms-frauenfeld.ac.at\/wordpress\/wp-content\/uploads\/2015\/07\/BO_Siegel.jpg\"><img aria-describedby=\"caption-attachment-812\" decoding=\"async\" loading=\"lazy\" class=\"wp-image-812 size-medium\" src=\"http:\/\/ms-frauenfeld.ac.at\/wordpress\/wp-content\/uploads\/2015\/07\/BO_Siegel-212x300.jpg\" alt=\"BO_Siegel\" width=\"212\" height=\"300\" \/><\/a><p id=\"caption-attachment-812\" class=\"wp-caption-text\">Vergr\u00f6\u00dferung &#8211; auf das Bild klicken&#8230;<\/p><\/div><\/td>\n<td><span style=\"font-size: 14pt;\"><a href=\"https:\/\/onedrive.live.com\/?cid=6aca66eb80f8e7dc&amp;id=6ACA66EB80F8E7DC!10548&amp;authkey=!\" target=\"_blank\" rel=\"noopener noreferrer\">weitere Informationen &#8211; hier klicken: SkyDrive<\/a><\/span><\/td>\n<\/tr>\n<\/tbody>\n<\/table>\n<p>weitere LINKS:<\/p>\n<p><span style=\"color: #ff0000;\"><a style=\"color: #ff0000;\" href=\"https:\/\/www.noe.wifi.at\/\" target=\"_blank\" rel=\"noopener noreferrer\"><span style=\"font-size: x-large;\">WIFI-Nieder\u00f6sterreich<\/span><\/a><\/span><\/p>\n<p>&nbsp;<\/p>\n","protected":false},"excerpt":{"rendered":"<p>\u200b NMS-Schwechat mit BO-G\u00fctesiegel 2019 ausgezeichnet Da in unserer Schule Berufsorientierung als sehr wichtig angesehen wird, haben wir uns um das BO-G\u00fctesiegel beworben. Ein Komitee aus den verschiedensten Berufssparten und\u2026<\/p>\n<p class=\"continue-reading-button\"> <a class=\"continue-reading-link\" href=\"https:\/\/ms-frauenfeld.ac.at\/wordpress\/unsere-schule\/berufsorientierung\/\">Lesen Sie mehr&#8230;<i class=\"crycon-right-dir\"><\/i><\/a><\/p>\n","protected":false},"author":2,"featured_media":0,"parent":602,"menu_order":0,"comment_status":"closed","ping_status":"closed","template":"","meta":{"footnotes":""},"_links":{"self":[{"href":"https:\/\/ms-frauenfeld.ac.at\/wordpress\/wp-json\/wp\/v2\/pages\/646"}],"collection":[{"href":"https:\/\/ms-frauenfeld.ac.at\/wordpress\/wp-json\/wp\/v2\/pages"}],"about":[{"href":"https:\/\/ms-frauenfeld.ac.at\/wordpress\/wp-json\/wp\/v2\/types\/page"}],"author":[{"embeddable":true,"href":"https:\/\/ms-frauenfeld.ac.at\/wordpress\/wp-json\/wp\/v2\/users\/2"}],"replies":[{"embeddable":true,"href":"https:\/\/ms-frauenfeld.ac.at\/wordpress\/wp-json\/wp\/v2\/comments?post=646"}],"version-history":[{"count":0,"href":"https:\/\/ms-frauenfeld.ac.at\/wordpress\/wp-json\/wp\/v2\/pages\/646\/revisions"}],"up":[{"embeddable":true,"href":"https:\/\/ms-frauenfeld.ac.at\/wordpress\/wp-json\/wp\/v2\/pages\/602"}],"wp:attachment":[{"href":"https:\/\/ms-frauenfeld.ac.at\/wordpress\/wp-json\/wp\/v2\/media?parent=646"}],"curies":[{"name":"wp","href":"https:\/\/api.w.org\/{rel}","templated":true}]}}

<p>​</p>
<table>
<tbody>
<tr>
<td><b><span lang="DE-AT"> <span style="color: #ff0000; font-size: x-large;">NMS-Schwechat mit BO-Gütesiegel 2019 ausgezeichnet</span></span></b></p>
<p>Da in unserer Schule Berufsorientierung als sehr wichtig angesehen wird, haben wir uns um das BO-Gütesiegel beworben. Ein Komitee aus den verschiedensten Berufssparten und der Wirtschaftskammer, unter anderem die Präsidentin der Wirtschaftskammer NÖ Frau Sonja Zwazl, haben die Einreichung beurteilt und das Gütesiegel verliehen.Sämtliche Kriterien, wie Selbsteinschätzung/Fremdeinschätzung, das Bildungssystem in Österreich, Betriebsbesichtigungen, Berufsträgerinterviews, das Schreiben von Lebenslauf und Bewerbung usw. wurden von unserer Schule bravourös erfüllt.</td>
<td data-wp-editing="1"> <img decoding="async" loading="lazy" class="alignleft wp-image-92754 size-medium" style="font-size: 15px;" src="http://ms-frauenfeld.ac.at/wordpress/wp-content/uploads/2019/05/BO_Guetesiegel_2022_II-275x300.jpg" alt="" width="275" height="300" /></td>
</tr>
</tbody>
</table>
<table style="height: 297px; width: 1156px;">
<tbody>
<tr>
<td style="width: 182px;">Tag der Lehre im MAK</td>
<td style="width: 876px;"><a href="http://ms-frauenfeld.ac.at/wordpress/tag-der-lehre-im-mak-2019/" target="_blank" rel="noopener noreferrer">http://ms-frauenfeld.ac.at/wordpress/tag-der-lehre-im-mak-2019/</a></td>
</tr>
<tr>
<td style="width: 182px;">3c: Tag der Lehre</td>
<td style="width: 876px;"><a href="http://ms-frauenfeld.ac.at/wordpress/tag-der-lehre/" target="_blank" rel="noopener noreferrer">http://ms-frauenfeld.ac.at/wordpress/tag-der-lehre/</a></td>
</tr>
<tr>
<td style="width: 182px;">Wahlpflichtfach: Weiterführende Schulen</td>
<td style="width: 876px;"><a href="http://ms-frauenfeld.ac.at/wordpress/wahlpflichtfach-weiterfuehrende-schule/" target="_blank" rel="noopener noreferrer">http://ms-frauenfeld.ac.at/wordpress/wahlpflichtfach-weiterfuehrende-schule/</a></td>
</tr>
<tr>
<td style="width: 182px;">NOEN: WIFI Gütesiegel</td>
<td style="width: 876px;"><a href="http://ms-frauenfeld.ac.at/wordpress/noen-wifi-guetesiegel/" target="_blank" rel="noopener noreferrer">http://ms-frauenfeld.ac.at/wordpress/noen-wifi-guetesiegel/</a></td>
</tr>
<tr>
<td style="width: 182px;">NMS-Schwechat mit BO-Gütesiegel ausgestattet</td>
<td style="width: 876px;"><a href="http://ms-frauenfeld.ac.at/wordpress/nms-schwechat-mit-bo-guetesiegel-2019-ausgezeichnet/" target="_blank" rel="noopener noreferrer">http://ms-frauenfeld.ac.at/wordpress/nms-schwechat-mit-bo-guetesiegel-2019-ausgezeichnet/</a></td>
</tr>
<tr>
<td style="width: 182px;">4. Klassen: Lehre? Respekt!</td>
<td style="width: 876px;"><a href="http://ms-frauenfeld.ac.at/wordpress/lehre-respekt/" target="_blank" rel="noopener noreferrer">http://ms-frauenfeld.ac.at/wordpress/lehre-respekt/</a></td>
</tr>
<tr style="height: 48px;">
<td style="height: 48px; width: 182px;">Die 2c besucht Radio Arabella</td>
<td style="height: 48px; width: 876px;"><a href="http://ms-frauenfeld.ac.at/wordpress/radio-arabelle/" target="_blank" rel="noopener noreferrer">http://ms-frauenfeld.ac.at/wordpress/radio-arabelle/</a></td>
</tr>
<tr style="height: 48px;">
<td style="height: 48px; width: 182px;">Berufspraktische Tage der 4. Klassen</td>
<td style="height: 48px; width: 876px;"><a href="http://ms-frauenfeld.ac.at/wordpress/berufspraktische-tage-der-4-klassen/" target="_blank" rel="noopener noreferrer">http://ms-frauenfeld.ac.at/wordpress/berufspraktische-tage-der-4-klassen/</a></td>
</tr>
<tr style="height: 80px;">
<td style="height: 66px; width: 182px;"><span style="font-size: 12pt;">Jugend und Berufsinformationsmesse im Lafarge Mannersdorf</span></td>
<td style="height: 66px; width: 876px;"><a href="http://ms-frauenfeld.ac.at/wordpress/jugend-und-berufsinformationsmesse-im-lafarge-mannersdorf/" target="_blank" rel="noopener noreferrer">http://ms-frauenfeld.ac.at/wordpress/jugend-und-berufsinformationsmesse-im-lafarge-mannersdorf/</a></td>
</tr>
<tr>
<td style="width: 182px;"><span style="font-size: 12pt;">Tag der Lehre im MAK Wien</span></td>
<td style="width: 876px;"><a href="http://ms-frauenfeld.ac.at/wordpress/tag-der-lehre-im-mak-wien/" target="_blank" rel="noopener noreferrer">http://ms-frauenfeld.ac.at/wordpress/tag-der-lehre-im-mak-wien/</a></td>
</tr>
<tr>
<td style="width: 182px;"><span style="font-size: 12pt;">Technik an er NMS- Projektarbeit</span></td>
<td style="width: 876px;"><a href="http://ms-frauenfeld.ac.at/wordpress/technik-an-der-nms-projektarbeit/" target="_blank" rel="noopener noreferrer">http://ms-frauenfeld.ac.at/wordpress/technik-an-der-nms-projektarbeit/</a></td>
</tr>
<tr>
<td style="width: 182px;">Lehre? Respekt!</td>
<td style="width: 876px;"><a href="http://ms-frauenfeld.ac.at/wordpress/lehre-respekt/" target="_blank" rel="noopener noreferrer">http://ms-frauenfeld.ac.at/wordpress/lehre-respekt/</a></td>
</tr>
<tr>
<td style="width: 182px;">Mädchen in Technik</td>
<td style="width: 876px;"><a href="http://ms-frauenfeld.ac.at/wordpress/maedchen-in-technik/" target="_blank" rel="noopener noreferrer">http://ms-frauenfeld.ac.at/wordpress/maedchen-in-technik/</a></td>
</tr>
<tr>
<td style="width: 182px;"><span style="font-size: 12pt;">Service an der NMS &#8211; Jugendcoaching<br />
</span></td>
<td style="width: 876px;"><a style="color: #d6341d;" href="http://ms-frauenfeld.ac.at/wordpress/service-an-der-nms-jugendcoaching/" target="_blank" rel="noopener noreferrer">http://ms-frauenfeld.ac.at/wordpress/service-an-der-nms-jugendcoaching/</a></td>
</tr>
</tbody>
</table>
<p>&nbsp;</p>
<table>
<tbody>
<tr>
<td>
<p><div id="attachment_812" style="width: 222px" class="wp-caption alignnone"><a href="http://ms-frauenfeld.ac.at/wordpress/wp-content/uploads/2015/07/BO_Siegel.jpg"><img aria-describedby="caption-attachment-812" decoding="async" loading="lazy" class="wp-image-812 size-medium" src="http://ms-frauenfeld.ac.at/wordpress/wp-content/uploads/2015/07/BO_Siegel-212x300.jpg" alt="BO_Siegel" width="212" height="300" /></a><p id="caption-attachment-812" class="wp-caption-text">Vergrößerung &#8211; auf das Bild klicken&#8230;</p></div></td>
<td><span style="font-size: 14pt;"><a href="https://onedrive.live.com/?cid=6aca66eb80f8e7dc&amp;id=6ACA66EB80F8E7DC!10548&amp;authkey=!" target="_blank" rel="noopener noreferrer">weitere Informationen &#8211; hier klicken: SkyDrive</a></span></td>
</tr>
</tbody>
</table>
<p>weitere LINKS:</p>
<p><span style="color: #ff0000;"><a style="color: #ff0000;" href="https://www.noe.wifi.at/" target="_blank" rel="noopener noreferrer"><span style="font-size: x-large;">WIFI-Niederösterreich</span></a></span></p>
<p>&nbsp;</p>

<p>​ NMS-Schwechat mit BO-Gütesiegel 2019 ausgezeichnet Da in unserer Schule Berufsorientierung als sehr wichtig angesehen wird, haben wir uns um das BO-Gütesiegel beworben. Ein Komitee aus den verschiedensten Berufssparten und…</p>
<p class="continue-reading-button"> <a class="continue-reading-link" href="https://ms-frauenfeld.ac.at/wordpress/unsere-schule/berufsorientierung/">Lesen Sie mehr&#8230;<i class="crycon-right-dir"></i></a></p>
