{"id":893,"date":"2015-07-13T20:11:32","date_gmt":"2015-07-13T18:11:32","guid":{"rendered":"http:\/\/ms-frauenfeld.ac.at\/wordpress\/?page_id=893"},"modified":"2019-09-28T06:20:05","modified_gmt":"2019-09-28T04:20:05","slug":"schuelerberaterin","status":"publish","type":"page","link":"https:\/\/ms-frauenfeld.ac.at\/wordpress\/angebote\/soziales\/schuelerberatung\/schuelerberaterin\/","title":{"rendered":"Sch\u00fclerberaterin"},"content":{"rendered":"<table>\n<tbody>\n<tr>\n<td style=\"text-align: center;\" colspan=\"3\"><strong><span style=\"font-size: 18pt;\">DIE SCH\u00dcLERBERATERIN STELLT SICH VOR:<\/span> <\/strong><\/td>\n<\/tr>\n<tr>\n<td><a href=\"http:\/\/ms-frauenfeld.ac.at\/wordpress\/wp-content\/uploads\/2015\/07\/beratung2.jpg\"><img decoding=\"async\" loading=\"lazy\" class=\"alignnone size-full wp-image-894\" src=\"http:\/\/ms-frauenfeld.ac.at\/wordpress\/wp-content\/uploads\/2015\/07\/beratung2.jpg\" alt=\"Beratung2\" width=\"111\" height=\"156\" \/><\/a><\/td>\n<td><strong>NMS Schwechat<br \/>\n<\/strong><br \/>\nSusanne Symoni-Klinger<br \/>\nSch\u00fclerberaterinEuropaplatz<br \/>\n2320 Schwechat<br \/>\n01 \/ 707 73 53 <a href=\"mailto:klinger.s@schule.at\" target=\"_blank\" rel=\"noopener noreferrer\"><br \/>\nklinger.s@schule.at <\/a><\/td>\n<td><a href=\"http:\/\/ms-frauenfeld.ac.at\/wordpress\/wp-content\/uploads\/2015\/07\/logo_schuelerb.gif\"><img decoding=\"async\" loading=\"lazy\" class=\" size-full wp-image-883 aligncenter\" src=\"http:\/\/ms-frauenfeld.ac.at\/wordpress\/wp-content\/uploads\/2015\/07\/logo_schuelerb.gif\" alt=\"logo_schuelerb\" width=\"142\" height=\"89\" \/><\/a><\/td>\n<\/tr>\n<tr>\n<td colspan=\"3\"><strong><strong> <strong>Sehr geehrte Eltern, liebe Sch\u00fcler\/innen!<\/strong><\/strong><\/strong><\/p>\n<p>4. Klasse Volksschule \u2013 was nun? Auf ins Gymnasium? Kann man mit der NMS auch zur Matura kommen? Was dann, wenn es mit dem Lernen oder mit meinen Mitsch\u00fclern nicht klappt, wenn ich Angst vor der Schule habe? Fragen \u00fcber Fragen &#8230;.F\u00fcr die Beratung bei Lern- und Verhaltensschwierigkeiten, f\u00fcr die Wahrnehmung pers\u00f6nlicher Probleme gibt es eine Adresse an unserer Schule: die Sch\u00fclerberatung .<br \/>\nSollten beim \u00dcbertritt in die Sekundarstufe, bei der Wahl der \u201erichtigen\u201c Schule nach Abschluss der Volksschule oder am Ende der NMS vor dem \u00dcbertritt in weiterf\u00fchrende Schulen Fragen und Unsicherheiten auftauchen, dann darf ich Sie herzlich zu einem Informationsgespr\u00e4ch einladen.<\/p>\n<p><strong><strong><br \/>\nSusanne Symoni-Klinger<br \/>\nSch\u00fclerberaterin<\/strong><\/strong><\/td>\n<\/tr>\n<\/tbody>\n<\/table>\n<p><span style=\"text-decoration: underline; background-color: #ffff99;\"><strong>LINKS &#8211; Sch\u00fclerberatung<\/strong><\/span><\/p>\n<table>\n<tbody>\n<tr>\n<td><a href=\"http:\/\/ms-frauenfeld.ac.at\/wordpress\/angebote\/soziales\/schuelerberatung\/aktuell\/\"><strong>Information 1 weiterf\u00fchrende Schulen<\/strong><\/a><\/td>\n<td><strong>\u00a0<a href=\"http:\/\/ms-frauenfeld.ac.at\/wordpress\/angebote\/soziales\/schuelerberatung\/aufgaben\/\">Aufgaben der Sch\u00fclerberatung<\/a><\/strong><\/td>\n<td><strong>\u00a0Sch\u00fclerberaterin<\/strong><\/td>\n<td><strong>\u00a0<a href=\"http:\/\/ms-frauenfeld.ac.at\/wordpress\/angebote\/soziales\/schuelerberatung\/termine\/\" target=\"_blank\" rel=\"noopener noreferrer\">Sprechstunde\/<\/a><br \/>\n<a href=\"http:\/\/ms-frauenfeld.ac.at\/wordpress\/angebote\/soziales\/schuelerberatung\/termine\/\">Sch\u00fclerberaterin<\/a><\/strong><\/td>\n<\/tr>\n<tr>\n<td><a href=\"http:\/\/ms-frauenfeld.ac.at\/wordpress\/angebote\/soziales\/schuelerberatung\/information\/\"><strong>Information 2 weiterf\u00fchrende Schulen<\/strong><\/a><\/td>\n<td><strong><a href=\"http:\/\/ms-frauenfeld.ac.at\/wordpress\/angebote\/soziales\/schuelerberatung\/berfuswahl-tests\/\">Informationen und <\/a><\/strong><br \/>\n<strong><a href=\"http:\/\/ms-frauenfeld.ac.at\/wordpress\/angebote\/soziales\/schuelerberatung\/berfuswahl-tests\/\">Tests zur Berufswahl<\/a><\/strong><\/td>\n<td><strong><a href=\"http:\/\/ms-frauenfeld.ac.at\/wordpress\/angebote\/soziales\/schuelerberatung\/berufspr-tage\/\">Berufspraktische Tage<\/a><\/strong><\/td>\n<td><strong><a href=\"http:\/\/ms-frauenfeld.ac.at\/wordpress\/angebote\/soziales\/schuelerberatung\/hilfen\/\">Schulische und au\u00dferschulische Hilfen<\/a><\/strong><\/td>\n<\/tr>\n<tr>\n<td><strong><a href=\"http:\/\/ms-frauenfeld.ac.at\/wordpress\/angebote\/soziales\/schuelerberatung\/links\/\">Links<\/a><\/strong><\/td>\n<td><strong><a href=\"http:\/\/ms-frauenfeld.ac.at\/wordpress\/wp-content\/uploads\/2015\/07\/elternbrief_anmeldung.pdf\">Aufnahmeverfahren in die 9. Schulstufe (nach der NMS)-2011\/12<\/a><\/strong><\/td>\n<td><strong>\u00a0<\/strong><\/td>\n<td><strong>\u00a0<\/strong><\/td>\n<\/tr>\n<\/tbody>\n<\/table>\n<p>&nbsp;<\/p>\n","protected":false},"excerpt":{"rendered":"<p>DIE SCH\u00dcLERBERATERIN STELLT SICH VOR: NMS Schwechat Susanne Symoni-Klinger Sch\u00fclerberaterinEuropaplatz 2320 Schwechat 01 \/ 707 73 53 klinger.s@schule.at Sehr geehrte Eltern, liebe Sch\u00fcler\/innen! 4. Klasse Volksschule \u2013 was nun? Auf\u2026<\/p>\n<p class=\"continue-reading-button\"> <a class=\"continue-reading-link\" href=\"https:\/\/ms-frauenfeld.ac.at\/wordpress\/angebote\/soziales\/schuelerberatung\/schuelerberaterin\/\">Lesen Sie mehr&#8230;<i class=\"crycon-right-dir\"><\/i><\/a><\/p>\n","protected":false},"author":2,"featured_media":0,"parent":674,"menu_order":0,"comment_status":"closed","ping_status":"closed","template":"","meta":{"footnotes":""},"_links":{"self":[{"href":"https:\/\/ms-frauenfeld.ac.at\/wordpress\/wp-json\/wp\/v2\/pages\/893"}],"collection":[{"href":"https:\/\/ms-frauenfeld.ac.at\/wordpress\/wp-json\/wp\/v2\/pages"}],"about":[{"href":"https:\/\/ms-frauenfeld.ac.at\/wordpress\/wp-json\/wp\/v2\/types\/page"}],"author":[{"embeddable":true,"href":"https:\/\/ms-frauenfeld.ac.at\/wordpress\/wp-json\/wp\/v2\/users\/2"}],"replies":[{"embeddable":true,"href":"https:\/\/ms-frauenfeld.ac.at\/wordpress\/wp-json\/wp\/v2\/comments?post=893"}],"version-history":[{"count":0,"href":"https:\/\/ms-frauenfeld.ac.at\/wordpress\/wp-json\/wp\/v2\/pages\/893\/revisions"}],"up":[{"embeddable":true,"href":"https:\/\/ms-frauenfeld.ac.at\/wordpress\/wp-json\/wp\/v2\/pages\/674"}],"wp:attachment":[{"href":"https:\/\/ms-frauenfeld.ac.at\/wordpress\/wp-json\/wp\/v2\/media?parent=893"}],"curies":[{"name":"wp","href":"https:\/\/api.w.org\/{rel}","templated":true}]}}