{"id":922,"date":"2015-07-13T20:53:18","date_gmt":"2015-07-13T18:53:18","guid":{"rendered":"http:\/\/ms-frauenfeld.ac.at\/wordpress\/?page_id=922"},"modified":"2022-02-14T18:49:22","modified_gmt":"2022-02-14T17:49:22","slug":"links","status":"publish","type":"page","link":"https:\/\/ms-frauenfeld.ac.at\/wordpress\/angebote\/soziales\/schuelerberatung\/links\/","title":{"rendered":"Links-Berufsinformation"},"content":{"rendered":"<table border=\"0\" width=\"704\" cellspacing=\"0\" cellpadding=\"0\">\n<tbody>\n<tr>\n<td height=\"43\">\n<div align=\"left\">\n<table border=\"1\" width=\"680\" cellspacing=\"0\" cellpadding=\"0\">\n<tbody>\n<tr>\n<td scope=\"col\" valign=\"top\" bgcolor=\"#fee40c\" width=\"24%\">\n<div align=\"left\">Internet<\/div>\n<\/td>\n<td scope=\"col\" bgcolor=\"#ffffff\" width=\"46%\">\n<div align=\"left\">Institution<\/div>\n<\/td>\n<td scope=\"col\" valign=\"bottom\" bgcolor=\"#73c6ee\" width=\"30%\">Inhalt<\/td>\n<\/tr>\n<tr>\n<td valign=\"center\"><a href=\"http:\/\/www.schule.at\" target=\"_blank\" rel=\"noopener\">www.schule.at<\/a><\/td>\n<td align=\"center\" valign=\"center\"><a href=\"http:\/\/ms-frauenfeld.ac.at\/wordpress\/wp-content\/uploads\/2015\/07\/logo_sch.jpg\"><img decoding=\"async\" loading=\"lazy\" class=\"alignnone size-full wp-image-923\" src=\"http:\/\/ms-frauenfeld.ac.at\/wordpress\/wp-content\/uploads\/2015\/07\/logo_sch.jpg\" alt=\"logo_sch\" width=\"113\" height=\"50\" \/><\/a><\/td>\n<td valign=\"center\">Schulf\u00fchrer: alle (Internet)Adressen, Informationen, Tage der offenen T\u00fcr, etc.<\/td>\n<\/tr>\n<tr>\n<td valign=\"center\"><a href=\"http:\/\/www.bgschwechat.ac.at\" target=\"_blank\" rel=\"noopener\"> www.bgschwechat.ac.at<\/a><\/td>\n<td>\n<div align=\"center\"><a href=\"http:\/\/www.bgschwechat.ac.at\" target=\"_blank\" rel=\"noopener\"><br \/>\n<\/a><a href=\"http:\/\/ms-frauenfeld.ac.at\/wordpress\/wp-content\/uploads\/2015\/07\/logo_bg.jpg\"><img decoding=\"async\" loading=\"lazy\" class=\"alignnone size-full wp-image-925\" src=\"http:\/\/ms-frauenfeld.ac.at\/wordpress\/wp-content\/uploads\/2015\/07\/logo_bg.jpg\" alt=\"logo_bg\" width=\"150\" height=\"50\" \/><\/a><\/div>\n<\/td>\n<td valign=\"center\">\u00dcbertritt vom und in das Gymnasium Schwechat<\/td>\n<\/tr>\n<tr>\n<td valign=\"center\" height=\"89\"><a href=\"http:\/\/www.talentecheck.at\" target=\"_blank\" rel=\"noopener\"> www.talentecheck.at <\/a><\/td>\n<td valign=\"center\" height=\"89\">\n<div align=\"center\"><a href=\"http:\/\/www.talentecheck.at\" target=\"_blank\" rel=\"noopener\"><br \/>\n<\/a><a href=\"http:\/\/ms-frauenfeld.ac.at\/wordpress\/wp-content\/uploads\/2015\/07\/logo_lak.jpg\"><img decoding=\"async\" loading=\"lazy\" class=\"alignnone size-full wp-image-926\" src=\"http:\/\/ms-frauenfeld.ac.at\/wordpress\/wp-content\/uploads\/2015\/07\/logo_lak.jpg\" alt=\"logo_lak\" width=\"142\" height=\"69\" \/><\/a><\/div>\n<\/td>\n<td valign=\"center\" height=\"89\">Top Talente Check<br \/>\nBegabungen f\u00fcr den richtigen Beruf erkennen<\/td>\n<\/tr>\n<tr>\n<td valign=\"center\"><a href=\"http:\/\/www.bic.at\" target=\"_blank\" rel=\"noopener\">www.bic.at<\/a><\/td>\n<td>\n<div align=\"center\"><a href=\"http:\/\/www.bic.at\" target=\"_blank\" rel=\"noopener\"><br \/>\n<\/a><a href=\"http:\/\/ms-frauenfeld.ac.at\/wordpress\/wp-content\/uploads\/2015\/07\/logo_bic.jpg\"><img decoding=\"async\" loading=\"lazy\" class=\"alignnone size-full wp-image-927\" src=\"http:\/\/ms-frauenfeld.ac.at\/wordpress\/wp-content\/uploads\/2015\/07\/logo_bic.jpg\" alt=\"logo_bic\" width=\"156\" height=\"62\" \/><\/a><\/div>\n<\/td>\n<td>Im bic sind Informationen zu \u00fcber 1500 Berufen gespeichert.<\/td>\n<\/tr>\n<tr>\n<td valign=\"center\" height=\"146\"><a href=\"http:\/\/www.ams.at\" target=\"_blank\" rel=\"noopener\">http:\/\/www.ams.at<\/a><\/p>\n<p><a href=\"http:\/\/www.ams.at\/bis\/bis\/StammberufDetail.php?noteid=701\" target=\"_blank\" rel=\"noopener\">AMS-Berufsinformationssystem<\/a><\/td>\n<td height=\"146\">\n<div align=\"center\"><a href=\"http:\/\/ms-frauenfeld.ac.at\/wordpress\/wp-content\/uploads\/2015\/07\/logo_ams.jpg\"><img decoding=\"async\" loading=\"lazy\" class=\"alignnone size-full wp-image-928\" src=\"http:\/\/ms-frauenfeld.ac.at\/wordpress\/wp-content\/uploads\/2015\/07\/logo_ams.jpg\" alt=\"logo_ams\" width=\"156\" height=\"83\" \/><\/a><\/div>\n<\/td>\n<td valign=\"top\" height=\"146\">Das AMS-Qualifikations-Barometer ist \u00f6sterreichweit das erste umfassende Online-Informationssystem zu Qualifikationstrends. Es bietet neben Detailinformationen auch einen raschen \u00dcberblick \u00fcber die Trends in jedem Berufsbereich.<\/td>\n<\/tr>\n<tr>\n<td valign=\"center\"><a href=\"http:\/\/www.ibw.at\" target=\"_blank\" rel=\"noopener\">www.ibw.at<\/a><\/td>\n<td>\n<div align=\"center\"><a href=\"http:\/\/ms-frauenfeld.ac.at\/wordpress\/wp-content\/uploads\/2015\/07\/logo_ibw.jpg\"><img decoding=\"async\" loading=\"lazy\" class=\"alignnone size-full wp-image-929\" src=\"http:\/\/ms-frauenfeld.ac.at\/wordpress\/wp-content\/uploads\/2015\/07\/logo_ibw.jpg\" alt=\"logo_ibw\" width=\"156\" height=\"40\" \/><\/a><\/div>\n<\/td>\n<td>Service f\u00fcr Lehrlinge.<br \/>\nWie w\u00e4hle ich Lehrlinge aus.<\/td>\n<\/tr>\n<tr>\n<td valign=\"top\" height=\"128\"><a href=\"https:\/\/www.jobted.at\/lehre-jobs\" target=\"_blank\" rel=\"noopener\">jobted.at\/lehre-jobs<\/a><\/p>\n<p>&nbsp;<\/td>\n<td height=\"128\">\n<div align=\"center\"><a href=\"https:\/\/ms-frauenfeld.ac.at\/wordpress\/wp-content\/uploads\/2022\/02\/jobted_logo_130.jpg\"><img decoding=\"async\" loading=\"lazy\" class=\"size-full wp-image-96414 aligncenter\" src=\"https:\/\/ms-frauenfeld.ac.at\/wordpress\/wp-content\/uploads\/2022\/02\/jobted_logo_130.jpg\" alt=\"\" width=\"132\" height=\"35\" \/><\/a><\/div>\n<\/td>\n<td valign=\"top\" height=\"128\">Lehrstellensuchmaschinen f\u00fcr Jobsuchende<\/td>\n<\/tr>\n<tr>\n<td valign=\"top\" height=\"128\"><a href=\"http:\/\/www.lehre-respekt.at\/\" target=\"_blank\" rel=\"noopener\">lehre-respekt.at<\/a><\/td>\n<td height=\"128\">\n<div align=\"center\"><a href=\"http:\/\/ms-frauenfeld.ac.at\/wordpress\/wp-content\/uploads\/2015\/07\/logo_wko.jpg\"><img decoding=\"async\" loading=\"lazy\" class=\"alignnone size-full wp-image-931\" src=\"http:\/\/ms-frauenfeld.ac.at\/wordpress\/wp-content\/uploads\/2015\/07\/logo_wko.jpg\" alt=\"logo_wko\" width=\"156\" height=\"63\" \/><\/a><\/div>\n<\/td>\n<td valign=\"top\" height=\"128\">Hier erf\u00e4hrst du n\u00e4mlich alles rund um das Thema Lehre. Neben viel Information wartet auch noch ein Online-Kurzcheck auf dich. Damit kannst du feststellen, welcher Lehrberuf dir gefallen k\u00f6nnte.<\/td>\n<\/tr>\n<\/tbody>\n<\/table>\n<div align=\"center\">\n<p align=\"left\">F\u00fcr die Inhalte der angef\u00fchrten LINKS \u00fcbernehmen wir keine Haftung!<\/p>\n<\/div>\n<\/div>\n<\/td>\n<\/tr>\n<\/tbody>\n<\/table>\n<p><span style=\"text-decoration: underline; background-color: #ffff99;\"><strong>LINKS &#8211; Sch\u00fclerberatung<\/strong><\/span><\/p>\n<table>\n<tbody>\n<tr>\n<td><a href=\"http:\/\/ms-frauenfeld.ac.at\/wordpress\/angebote\/soziales\/schuelerberatung\/aktuell\/\"><strong>Information 1 weiterf\u00fchrende Schulen<\/strong><\/a><\/td>\n<td><strong>\u00a0<a href=\"http:\/\/ms-frauenfeld.ac.at\/wordpress\/angebote\/soziales\/schuelerberatung\/aufgaben\/\">Aufgaben der Sch\u00fclerberatung<\/a><\/strong><\/td>\n<td><strong>\u00a0<a href=\"http:\/\/ms-frauenfeld.ac.at\/wordpress\/angebote\/soziales\/schuelerberatung\/schuelerberaterin\/\">Sch\u00fclerberaterin<\/a><\/strong><\/td>\n<td><strong>\u00a0<a href=\"http:\/\/ms-frauenfeld.ac.at\/wordpress\/angebote\/soziales\/schuelerberatung\/termine\/\" target=\"_blank\" rel=\"noopener\">Sprechstunde\/<\/a><br \/>\n<a href=\"http:\/\/ms-frauenfeld.ac.at\/wordpress\/angebote\/soziales\/schuelerberatung\/termine\/\">Sch\u00fclerberaterin<\/a><\/strong><\/td>\n<\/tr>\n<tr>\n<td><a href=\"http:\/\/ms-frauenfeld.ac.at\/wordpress\/angebote\/soziales\/schuelerberatung\/information\/\"><strong>Information 2 weiterf\u00fchrende Schulen<\/strong><\/a><\/td>\n<td><strong><a href=\"http:\/\/ms-frauenfeld.ac.at\/wordpress\/angebote\/soziales\/schuelerberatung\/berfuswahl-tests\/\">Informationen und <\/a><\/strong><br \/>\n<strong><a href=\"http:\/\/ms-frauenfeld.ac.at\/wordpress\/angebote\/soziales\/schuelerberatung\/berfuswahl-tests\/\">Tests zur Berufswahl<\/a><\/strong><\/td>\n<td><strong><a href=\"http:\/\/ms-frauenfeld.ac.at\/wordpress\/angebote\/soziales\/schuelerberatung\/berufspr-tage\/\">Berufspraktische Tage<\/a><\/strong><\/td>\n<td><strong><a href=\"http:\/\/ms-frauenfeld.ac.at\/wordpress\/angebote\/soziales\/schuelerberatung\/hilfen\/\">Schulische und au\u00dferschulische Hilfen<\/a><\/strong><\/td>\n<\/tr>\n<tr>\n<td><strong>Links<\/strong><\/td>\n<td><strong><a href=\"http:\/\/ms-frauenfeld.ac.at\/wordpress\/wp-content\/uploads\/2015\/07\/elternbrief_anmeldung.pdf\" target=\"_blank\" rel=\"noopener\">Aufnahmeverfahren in die 9. Schulstufe (nach der NMS)-2011\/12<\/a><\/strong><\/td>\n<td><strong>\u00a0<\/strong><\/td>\n<td><strong>\u00a0<\/strong><\/td>\n<\/tr>\n<\/tbody>\n<\/table>\n<p>&nbsp;<\/p>\n","protected":false},"excerpt":{"rendered":"<p>Internet Institution Inhalt www.schule.at Schulf\u00fchrer: alle (Internet)Adressen, Informationen, Tage der offenen T\u00fcr, etc. www.bgschwechat.ac.at \u00dcbertritt vom und in das Gymnasium Schwechat www.talentecheck.at Top Talente Check Begabungen f\u00fcr den richtigen Beruf\u2026<\/p>\n<p class=\"continue-reading-button\"> <a class=\"continue-reading-link\" href=\"https:\/\/ms-frauenfeld.ac.at\/wordpress\/angebote\/soziales\/schuelerberatung\/links\/\">Lesen Sie mehr&#8230;<i class=\"crycon-right-dir\"><\/i><\/a><\/p>\n","protected":false},"author":2,"featured_media":0,"parent":674,"menu_order":0,"comment_status":"closed","ping_status":"closed","template":"","meta":{"footnotes":""},"_links":{"self":[{"href":"https:\/\/ms-frauenfeld.ac.at\/wordpress\/wp-json\/wp\/v2\/pages\/922"}],"collection":[{"href":"https:\/\/ms-frauenfeld.ac.at\/wordpress\/wp-json\/wp\/v2\/pages"}],"about":[{"href":"https:\/\/ms-frauenfeld.ac.at\/wordpress\/wp-json\/wp\/v2\/types\/page"}],"author":[{"embeddable":true,"href":"https:\/\/ms-frauenfeld.ac.at\/wordpress\/wp-json\/wp\/v2\/users\/2"}],"replies":[{"embeddable":true,"href":"https:\/\/ms-frauenfeld.ac.at\/wordpress\/wp-json\/wp\/v2\/comments?post=922"}],"version-history":[{"count":0,"href":"https:\/\/ms-frauenfeld.ac.at\/wordpress\/wp-json\/wp\/v2\/pages\/922\/revisions"}],"up":[{"embeddable":true,"href":"https:\/\/ms-frauenfeld.ac.at\/wordpress\/wp-json\/wp\/v2\/pages\/674"}],"wp:attachment":[{"href":"https:\/\/ms-frauenfeld.ac.at\/wordpress\/wp-json\/wp\/v2\/media?parent=922"}],"curies":[{"name":"wp","href":"https:\/\/api.w.org\/{rel}","templated":true}]}}