{"id":93054,"date":"2019-07-01T08:52:34","date_gmt":"2019-07-01T06:52:34","guid":{"rendered":"http:\/\/ms-frauenfeld.ac.at\/wordpress\/?page_id=93054"},"modified":"2023-05-26T19:40:28","modified_gmt":"2023-05-26T17:40:28","slug":"auszeichnungen","status":"publish","type":"page","link":"https:\/\/ms-frauenfeld.ac.at\/wordpress\/auszeichnungen\/","title":{"rendered":"Auszeichnungen"},"content":{"rendered":"<p>\u200b<\/p>\n<table style=\"border-collapse: collapse; width: 100%;\">\n<tbody>\n<tr>\n<td style=\"width: 50%;\"><a href=\"https:\/\/ms-frauenfeld.ac.at\/wordpress\/wp-content\/uploads\/2023\/02\/Plakette_2023_300x300.jpg\"><img decoding=\"async\" loading=\"lazy\" class=\"alignleft size-thumbnail wp-image-97176\" src=\"https:\/\/ms-frauenfeld.ac.at\/wordpress\/wp-content\/uploads\/2023\/02\/Plakette_2023_300x300-150x150.jpg\" alt=\"\" width=\"150\" height=\"150\" srcset=\"https:\/\/ms-frauenfeld.ac.at\/wordpress\/wp-content\/uploads\/2023\/02\/Plakette_2023_300x300-150x150.jpg 150w, https:\/\/ms-frauenfeld.ac.at\/wordpress\/wp-content\/uploads\/2023\/02\/Plakette_2023_300x300.jpg 300w\" sizes=\"(max-width: 150px) 100vw, 150px\" \/><\/a><\/p>\n<p>&nbsp;<\/p>\n<p>\u00a9 OeAD\/Shutterstock\/Jack Black<\/td>\n<td style=\"width: 50%;\"><strong>2023<\/strong>: Alle Schulen, die bereits an der Ger\u00e4teinitiative \u201eDigitales Lernen\u201c teilnehmen, erhalten eine Plakette f\u00fcr ihr Schulgeb\u00e4ude per Post zugeschickt. Diese ist auch digital verf\u00fcgbar, so k\u00f6nnen Schulen auch im virtuellen Raum, z.B. auf ihrer <span dir=\"ltr\" lang=\"en\">Website<\/span>, diese Auszeichnung sichtbar machen.<br \/>\n<a href=\"https:\/\/digitaleslernen.oead.at\/de\/fuer-eltern\/ueber-die-initiative\" target=\"_blank\" rel=\"noopener\">digitaleslernen.oead.at<\/a><\/td>\n<\/tr>\n<tr>\n<td style=\"width: 50%;\"><a href=\"https:\/\/ms-frauenfeld.ac.at\/wordpress\/wp-content\/uploads\/2022\/06\/csm_Slider_KlasseLernen_e3bf4e7d02.png\"><img decoding=\"async\" loading=\"lazy\" class=\"alignleft size-thumbnail wp-image-96750\" src=\"https:\/\/ms-frauenfeld.ac.at\/wordpress\/wp-content\/uploads\/2022\/06\/csm_Slider_KlasseLernen_e3bf4e7d02-150x79.png\" alt=\"\" width=\"150\" height=\"79\" srcset=\"https:\/\/ms-frauenfeld.ac.at\/wordpress\/wp-content\/uploads\/2022\/06\/csm_Slider_KlasseLernen_e3bf4e7d02-150x79.png 150w, https:\/\/ms-frauenfeld.ac.at\/wordpress\/wp-content\/uploads\/2022\/06\/csm_Slider_KlasseLernen_e3bf4e7d02-300x158.png 300w, https:\/\/ms-frauenfeld.ac.at\/wordpress\/wp-content\/uploads\/2022\/06\/csm_Slider_KlasseLernen_e3bf4e7d02-644x338.png 644w, https:\/\/ms-frauenfeld.ac.at\/wordpress\/wp-content\/uploads\/2022\/06\/csm_Slider_KlasseLernen_e3bf4e7d02-768x404.png 768w, https:\/\/ms-frauenfeld.ac.at\/wordpress\/wp-content\/uploads\/2022\/06\/csm_Slider_KlasseLernen_e3bf4e7d02.png 1024w\" sizes=\"(max-width: 150px) 100vw, 150px\" \/><\/a><\/td>\n<td style=\"width: 50%;\"><strong>Bildungspreis 2022<\/strong>: Eigene Spielekonsole mit Hilfe von Scratch bedienen!<br \/>\n<a href=\"https:\/\/ms-frauenfeld.ac.at\/wordpress\/bildungspreis-2022-klasse-lernen-wir-sind-digital\/\" target=\"_blank\" rel=\"noopener\">weitere Informationen: hier klicken&#8230;<\/a><\/td>\n<\/tr>\n<tr>\n<td style=\"width: 50%;\"><a href=\"https:\/\/ms-frauenfeld.ac.at\/wordpress\/wp-content\/uploads\/2021\/06\/mission_Astro-pi.jpg\"><img decoding=\"async\" loading=\"lazy\" class=\"alignleft size-thumbnail wp-image-95789\" src=\"https:\/\/ms-frauenfeld.ac.at\/wordpress\/wp-content\/uploads\/2021\/06\/mission_Astro-pi-150x102.jpg\" alt=\"\" width=\"150\" height=\"102\" srcset=\"https:\/\/ms-frauenfeld.ac.at\/wordpress\/wp-content\/uploads\/2021\/06\/mission_Astro-pi-150x102.jpg 150w, https:\/\/ms-frauenfeld.ac.at\/wordpress\/wp-content\/uploads\/2021\/06\/mission_Astro-pi-300x204.jpg 300w, https:\/\/ms-frauenfeld.ac.at\/wordpress\/wp-content\/uploads\/2021\/06\/mission_Astro-pi-644x437.jpg 644w, https:\/\/ms-frauenfeld.ac.at\/wordpress\/wp-content\/uploads\/2021\/06\/mission_Astro-pi-768x521.jpg 768w, https:\/\/ms-frauenfeld.ac.at\/wordpress\/wp-content\/uploads\/2021\/06\/mission_Astro-pi.jpg 787w\" sizes=\"(max-width: 150px) 100vw, 150px\" \/><\/a><\/td>\n<td style=\"width: 50%;\">Mission &#8222;Astro PI&#8220; an der ISS (Internationalen Raumstation)<br \/>\nJugendliche schreiben ein Programm, mit dem sie Sensoren in der internationalen Raumstation ISS ansprechen k\u00f6nnen&#8230;<a href=\"https:\/\/ms-frauenfeld.ac.at\/wordpress\/nachricht-an-die-iss\/\" target=\"_blank\" rel=\"noopener\">weitere Informationen &#8211; hier klicken&#8230;<\/a><\/td>\n<\/tr>\n<tr>\n<td style=\"width: 50%;\"><a href=\"http:\/\/ms-frauenfeld.ac.at\/wordpress\/wp-content\/uploads\/2020\/07\/Logo3.jpg\"><img decoding=\"async\" loading=\"lazy\" class=\"size-thumbnail wp-image-94673 alignleft\" src=\"http:\/\/ms-frauenfeld.ac.at\/wordpress\/wp-content\/uploads\/2020\/07\/Logo3-130x150.jpg\" alt=\"\" width=\"130\" height=\"150\" srcset=\"https:\/\/ms-frauenfeld.ac.at\/wordpress\/wp-content\/uploads\/2020\/07\/Logo3-130x150.jpg 130w, https:\/\/ms-frauenfeld.ac.at\/wordpress\/wp-content\/uploads\/2020\/07\/Logo3.jpg 165w\" sizes=\"(max-width: 130px) 100vw, 130px\" \/><\/a><\/td>\n<td style=\"width: 50%;\">Auszeichnung zum<\/p>\n<p>&#8222;Microsoft Innovative Educator Expert for 2020-2021&#8220;<\/p>\n<p>f\u00fcr Hrn Brunner!<\/td>\n<\/tr>\n<tr>\n<td style=\"width: 50%;\"><a href=\"http:\/\/ms-frauenfeld.ac.at\/wordpress\/wp-content\/uploads\/2019\/06\/f26c125e657dea93d029d657f518200f.png\"><img decoding=\"async\" loading=\"lazy\" class=\"alignleft size-full wp-image-92965\" src=\"http:\/\/ms-frauenfeld.ac.at\/wordpress\/wp-content\/uploads\/2019\/06\/f26c125e657dea93d029d657f518200f.png\" alt=\"\" width=\"200\" height=\"200\" \/><\/a><\/td>\n<td style=\"width: 50%;\">Aufgrund der erbrachten und nachgewiesenen Leistungen zur digitalen und informatischen Bildung&#8230;<\/p>\n<p><a href=\"http:\/\/ms-frauenfeld.ac.at\/wordpress\/auszeichnung\/\" target=\"_blank\" rel=\"noopener noreferrer\">weitere Informationen &#8211; hier klicken&#8230;<\/a><\/p>\n<p><a href=\"https:\/\/nms.tsn.at\/content\/eeducation-expert-plus-schule\" target=\"_blank\" rel=\"noopener noreferrer\">https:\/\/nms.tsn.at\/content\/eeducation-expert-plus-schule<\/a><\/td>\n<\/tr>\n<tr>\n<td style=\"width: 50%;\"><a href=\"http:\/\/ms-frauenfeld.ac.at\/wordpress\/wp-content\/uploads\/2017\/12\/eeducation_Logo2.jpg\"><img decoding=\"async\" loading=\"lazy\" class=\"alignleft wp-image-90727\" src=\"http:\/\/ms-frauenfeld.ac.at\/wordpress\/wp-content\/uploads\/2017\/12\/eeducation_Logo2.jpg\" alt=\"\" width=\"211\" height=\"220\" \/><\/a><\/td>\n<td style=\"width: 50%;\">Diese Auszeichnung haben wir bekommen, indem wir in vielen Bereichen der digitalen Medien t\u00e4tig sind.<\/p>\n<p><a href=\"http:\/\/ms-frauenfeld.ac.at\/wordpress\/angebote\/eeducation\/\" target=\"_blank\" rel=\"noopener noreferrer\">weitere Informationen &#8211; hier klicken&#8230;<\/a><\/p>\n<p><a href=\"https:\/\/eeducation.at\/\" target=\"_blank\" rel=\"noopener noreferrer\">https:\/\/eeducation.at\/<\/a><\/td>\n<\/tr>\n<tr>\n<td style=\"width: 50%;\"><a href=\"http:\/\/ms-frauenfeld.ac.at\/wordpress\/wp-content\/uploads\/2019\/06\/ecdl.png\"><img decoding=\"async\" loading=\"lazy\" class=\"alignleft wp-image-92934\" src=\"http:\/\/ms-frauenfeld.ac.at\/wordpress\/wp-content\/uploads\/2019\/06\/ecdl-300x102.png\" alt=\"\" width=\"200\" height=\"68\" srcset=\"https:\/\/ms-frauenfeld.ac.at\/wordpress\/wp-content\/uploads\/2019\/06\/ecdl-300x102.png 300w, https:\/\/ms-frauenfeld.ac.at\/wordpress\/wp-content\/uploads\/2019\/06\/ecdl-150x51.png 150w, https:\/\/ms-frauenfeld.ac.at\/wordpress\/wp-content\/uploads\/2019\/06\/ecdl.png 385w\" sizes=\"(max-width: 200px) 100vw, 200px\" \/><\/a><\/td>\n<td style=\"width: 50%;\">Der ECDL ist ein international anerkanntes\u00a0Zertifikat\u00a0f\u00fcr Computerbenutzer!<\/p>\n<p><a href=\"http:\/\/ms-frauenfeld.ac.at\/wordpress\/ecdl\/\" target=\"_blank\" rel=\"noopener noreferrer\">weitere Informationen &#8211; hier klicken&#8230;<\/a><\/p>\n<p><a href=\"https:\/\/www.ecdl.at\/de\/schule\" target=\"_blank\" rel=\"noopener noreferrer\">https:\/\/www.ecdl.at\/de\/schule<\/a><\/td>\n<\/tr>\n<tr>\n<td style=\"width: 50%;\"><a href=\"http:\/\/ms-frauenfeld.ac.at\/wordpress\/wp-content\/uploads\/2017\/03\/Logo_BewegteSchule3.jpg\"><img decoding=\"async\" loading=\"lazy\" class=\"alignleft size-thumbnail wp-image-89571\" src=\"http:\/\/ms-frauenfeld.ac.at\/wordpress\/wp-content\/uploads\/2017\/03\/Logo_BewegteSchule3-150x150.jpg\" alt=\"\" width=\"150\" height=\"150\" srcset=\"https:\/\/ms-frauenfeld.ac.at\/wordpress\/wp-content\/uploads\/2017\/03\/Logo_BewegteSchule3-150x150.jpg 150w, https:\/\/ms-frauenfeld.ac.at\/wordpress\/wp-content\/uploads\/2017\/03\/Logo_BewegteSchule3-300x300.jpg 300w\" sizes=\"(max-width: 150px) 100vw, 150px\" \/><\/a><\/td>\n<td style=\"width: 50%;\">Warum m\u00fcssen Sch\u00fclerinnen und Sch\u00fcler im Unterricht immer still sitzen?<\/p>\n<p><a href=\"http:\/\/ms-frauenfeld.ac.at\/wordpress\/bewegtes-lernen\/\" target=\"_blank\" rel=\"noopener noreferrer\">weitere Informationen &#8211; hier klicken&#8230;<\/a><\/p>\n<p><a href=\"http:\/\/www.bewegteschule.at\/\" target=\"_blank\" rel=\"noopener noreferrer\">http:\/\/www.bewegteschule.at\/<\/a><\/td>\n<\/tr>\n<tr>\n<td style=\"width: 50%;\"><a href=\"http:\/\/ms-frauenfeld.ac.at\/wordpress\/wp-content\/uploads\/2018\/03\/seed_400.jpg\"><img decoding=\"async\" loading=\"lazy\" class=\"alignleft wp-image-91222\" src=\"http:\/\/ms-frauenfeld.ac.at\/wordpress\/wp-content\/uploads\/2018\/03\/seed_400-300x131.jpg\" alt=\"\" width=\"200\" height=\"87\" srcset=\"https:\/\/ms-frauenfeld.ac.at\/wordpress\/wp-content\/uploads\/2018\/03\/seed_400-300x131.jpg 300w, https:\/\/ms-frauenfeld.ac.at\/wordpress\/wp-content\/uploads\/2018\/03\/seed_400-150x65.jpg 150w, https:\/\/ms-frauenfeld.ac.at\/wordpress\/wp-content\/uploads\/2018\/03\/seed_400.jpg 400w\" sizes=\"(max-width: 200px) 100vw, 200px\" \/><\/a><\/td>\n<td style=\"width: 50%;\">Das Projekt &#8230; m\u00f6chte Sch\u00fclerInnen und auch Lehrkr\u00e4ften den Einstieg ins \u201eProgrammieren\u201c spielerisch leicht machen.<\/p>\n<p><a href=\"http:\/\/ms-frauenfeld.ac.at\/wordpress\/mit-seed-an-der-nms\/\" target=\"_blank\" rel=\"noopener noreferrer\">weitere Informationen &#8211; hier klicken&#8230;<\/a><\/p>\n<p><a href=\"http:\/\/www.seedprogram.at\/projekte-maerz-18\/\" target=\"_blank\" rel=\"noopener noreferrer\">www.seedprogramm.at<\/a><\/p>\n<p>&nbsp;<\/td>\n<\/tr>\n<tr>\n<td style=\"width: 50%;\"><a href=\"https:\/\/ms-frauenfeld.ac.at\/wordpress\/wp-content\/uploads\/2022\/05\/1956-936-max.jpg\"><img decoding=\"async\" loading=\"lazy\" class=\"alignleft wp-image-96539 size-medium\" src=\"https:\/\/ms-frauenfeld.ac.at\/wordpress\/wp-content\/uploads\/2022\/05\/1956-936-max-300x144.jpg\" alt=\"\" width=\"300\" height=\"144\" \/><\/a><\/td>\n<td style=\"width: 50%;\">Der Begriff setzt sich aus den Anfangsbuchstaben von Mathematik, Informatik, Naturwissenschaften und Technik zusammen und findet in der NMS Schwechat-Frauenfeld vermehrt Niederschlag im Pflicht- und Schwerpunktunterricht&#8230;<br \/>\n<a href=\"https:\/\/ms-frauenfeld.ac.at\/wordpress\/wp-content\/uploads\/2022\/11\/MINT2022_Auszeichnung.pdf\" target=\"_blank\" rel=\"noopener\">MINT-Auszeichnung 2022_25- hier klicken&#8230;<\/a><a href=\"http:\/\/ms-frauenfeld.ac.at\/wordpress\/mint-guetesiegel\/\" target=\"_blank\" rel=\"noopener noreferrer\">weitere Informationen &#8211; hier klicken&#8230;<\/a><a href=\"https:\/\/www.mintschule.at\/\" target=\"_blank\" rel=\"noopener noreferrer\">https:\/\/www.mintschule.at\/<\/a><\/td>\n<\/tr>\n<tr>\n<td style=\"width: 50%;\"><a href=\"https:\/\/ms-frauenfeld.ac.at\/wordpress\/wp-content\/uploads\/2023\/05\/BO_Guetesiegel.jpg\"><img decoding=\"async\" loading=\"lazy\" class=\"alignleft size-thumbnail wp-image-97304\" src=\"https:\/\/ms-frauenfeld.ac.at\/wordpress\/wp-content\/uploads\/2023\/05\/BO_Guetesiegel-150x137.jpg\" alt=\"\" width=\"150\" height=\"137\" srcset=\"https:\/\/ms-frauenfeld.ac.at\/wordpress\/wp-content\/uploads\/2023\/05\/BO_Guetesiegel-150x137.jpg 150w, https:\/\/ms-frauenfeld.ac.at\/wordpress\/wp-content\/uploads\/2023\/05\/BO_Guetesiegel-300x273.jpg 300w, https:\/\/ms-frauenfeld.ac.at\/wordpress\/wp-content\/uploads\/2023\/05\/BO_Guetesiegel.jpg 586w\" sizes=\"(max-width: 150px) 100vw, 150px\" \/><\/a><\/td>\n<td style=\"width: 50%;\">Dieses G\u00fctesiegel wird nach einem Kriterienkatalog an Schulen verliehen, die sich besonders im Bereich von Berufsorientierungsma\u00dfnahmen engagieren.<\/p>\n<p><a href=\"http:\/\/ms-frauenfeld.ac.at\/wordpress\/noen-wifi-guetesiegel\/\" target=\"_blank\" rel=\"noopener noreferrer\">weitere Informationen &#8211; hier klicken&#8230;<\/a><\/td>\n<\/tr>\n<tr>\n<td style=\"width: 50%;\"><a href=\"https:\/\/ms-frauenfeld.ac.at\/wordpress\/wp-content\/uploads\/2023\/05\/Plakette_Erste_Hilfe_Fit_2022_2023.gif\"><img decoding=\"async\" loading=\"lazy\" class=\"alignleft size-thumbnail wp-image-97254\" src=\"https:\/\/ms-frauenfeld.ac.at\/wordpress\/wp-content\/uploads\/2023\/05\/Plakette_Erste_Hilfe_Fit_2022_2023-148x150.gif\" alt=\"\" width=\"148\" height=\"150\" srcset=\"https:\/\/ms-frauenfeld.ac.at\/wordpress\/wp-content\/uploads\/2023\/05\/Plakette_Erste_Hilfe_Fit_2022_2023-148x150.gif 148w, https:\/\/ms-frauenfeld.ac.at\/wordpress\/wp-content\/uploads\/2023\/05\/Plakette_Erste_Hilfe_Fit_2022_2023-296x300.gif 296w, https:\/\/ms-frauenfeld.ac.at\/wordpress\/wp-content\/uploads\/2023\/05\/Plakette_Erste_Hilfe_Fit_2022_2023-644x652.gif 644w, https:\/\/ms-frauenfeld.ac.at\/wordpress\/wp-content\/uploads\/2023\/05\/Plakette_Erste_Hilfe_Fit_2022_2023-768x778.gif 768w\" sizes=\"(max-width: 148px) 100vw, 148px\" \/><\/a><\/td>\n<td style=\"width: 50%;\">Jedes Kind soll wissen, was Erste Hilfe ist und was zu tun ist, wenn es darauf ankommt.<\/p>\n<p><a href=\"http:\/\/ms-frauenfeld.ac.at\/wordpress\/erste-hilfe-fit\/\" target=\"_blank\" rel=\"noopener noreferrer\">weitere Informationen &#8211; hier klicken&#8230;<\/a><\/p>\n<p><a href=\"https:\/\/www.erstehilfefit.at\/\" target=\"_blank\" rel=\"noopener noreferrer\">https:\/\/www.erstehilfefit.at\/<\/a><\/p>\n<p>&nbsp;<\/td>\n<\/tr>\n<tr>\n<td style=\"width: 50%;\"><a href=\"http:\/\/ms-frauenfeld.ac.at\/wordpress\/wp-content\/uploads\/2018\/04\/e-olympics_2018_logo.jpg\"><img decoding=\"async\" loading=\"lazy\" class=\"alignleft wp-image-91259 size-full\" src=\"http:\/\/ms-frauenfeld.ac.at\/wordpress\/wp-content\/uploads\/2018\/04\/e-olympics_2018_logo.jpg\" alt=\"\" width=\"184\" height=\"82\" srcset=\"https:\/\/ms-frauenfeld.ac.at\/wordpress\/wp-content\/uploads\/2018\/04\/e-olympics_2018_logo.jpg 184w, https:\/\/ms-frauenfeld.ac.at\/wordpress\/wp-content\/uploads\/2018\/04\/e-olympics_2018_logo-150x67.jpg 150w\" sizes=\"(max-width: 184px) 100vw, 184px\" \/><\/a><\/td>\n<td style=\"width: 50%;\">Unter der Leitung von Englisch-Lehrerin und Klassenvorst\u00e4ndin Katharina Eder haben\u00a0Dominik Balko, Pascal Fr\u00fchwirth, Sarah Haiduk und Jessica Petrovic\u00a0am 8.3. bei den\u00a0<strong>English Olympics 2017\u00a0den 1. Platz<\/strong>\u00a0f\u00fcr die NMS Schwechat-Frauenfeld geholt!<\/p>\n<p><a href=\"http:\/\/ms-frauenfeld.ac.at\/wordpress\/angebote\/english-olympics\/\" target=\"_blank\" rel=\"noopener noreferrer\">weitere Informationen &#8211; hier klicken&#8230;<\/a><\/td>\n<\/tr>\n<tr>\n<td style=\"width: 50%;\"><a href=\"http:\/\/ms-frauenfeld.ac.at\/wordpress\/wp-content\/uploads\/2019\/03\/EU_flag-Erasmus__vect_POS-e1554135621192.jpg\"><img decoding=\"async\" loading=\"lazy\" class=\"alignleft wp-image-92598\" src=\"http:\/\/ms-frauenfeld.ac.at\/wordpress\/wp-content\/uploads\/2019\/03\/EU_flag-Erasmus__vect_POS-e1554135621192.jpg\" alt=\"\" width=\"200\" height=\"57\" \/><\/a><\/td>\n<td style=\"width: 50%;\">The past school year students from class 1a regularly dealt with the culture and language of our neighbouring country Hungary.<\/p>\n<p><a href=\"http:\/\/ms-frauenfeld.ac.at\/wordpress\/erasmus-projekt-an-der-nnoems-gefoerdert-von-der-europaeischen-union\/\" target=\"_blank\" rel=\"noopener noreferrer\">weitere Informationen &#8211; hier klicken&#8230;<\/a><\/p>\n<p><a href=\"https:\/\/erasmusplus.at\/\" target=\"_blank\" rel=\"noopener noreferrer\">https:\/\/erasmusplus.at\/<\/a><\/td>\n<\/tr>\n<tr>\n<td style=\"width: 50%;\"><a href=\"http:\/\/ms-frauenfeld.ac.at\/wordpress\/wp-content\/uploads\/2015\/07\/oekolog_gross.jpg\"><img decoding=\"async\" loading=\"lazy\" class=\"alignleft wp-image-819\" src=\"http:\/\/ms-frauenfeld.ac.at\/wordpress\/wp-content\/uploads\/2015\/07\/oekolog_gross-300x84.jpg\" alt=\"\" width=\"200\" height=\"56\" srcset=\"https:\/\/ms-frauenfeld.ac.at\/wordpress\/wp-content\/uploads\/2015\/07\/oekolog_gross-300x84.jpg 300w, https:\/\/ms-frauenfeld.ac.at\/wordpress\/wp-content\/uploads\/2015\/07\/oekolog_gross-644x180.jpg 644w, https:\/\/ms-frauenfeld.ac.at\/wordpress\/wp-content\/uploads\/2015\/07\/oekolog_gross.jpg 800w\" sizes=\"(max-width: 200px) 100vw, 200px\" \/><\/a><\/td>\n<td style=\"width: 50%;\">Es soll der Schulalltag so gestaltet werden, wie es in der\u00a0\u00a0<a href=\"http:\/\/ms-frauenfeld.ac.at\/wordpress\/wp-content\/uploads\/2015\/07\/Deklaration_Oekolog.pdf\" target=\"_blank\" rel=\"noopener noreferrer\">\u00d6KOLOG-DEKLARATION (hier klicken)\u00a0<\/a>beschrieben ist!<\/p>\n<p><a href=\"http:\/\/ms-frauenfeld.ac.at\/wordpress\/unsere-schule\/oekolog\/\" target=\"_blank\" rel=\"noopener noreferrer\">weitere Informationen &#8211; hier klicken&#8230;<\/a><\/p>\n<p><span style=\"background-color: #ffcc00;\"><a style=\"background-color: #ffcc00;\" href=\"https:\/\/ms-frauenfeld.ac.at\/wordpress\/10-jahre-oekolog\/\" target=\"_blank\" rel=\"noopener\">10 Jahre \u00d6KOLOG<\/a><\/span><\/p>\n<p><a href=\"https:\/\/www.oekolog.at\/\" target=\"_blank\" rel=\"noopener noreferrer\">https:\/\/www.oekolog.at\/<\/a><\/td>\n<\/tr>\n<tr>\n<td style=\"width: 50%;\"><a href=\"http:\/\/ms-frauenfeld.ac.at\/wordpress\/wp-content\/uploads\/2019\/03\/EU_flag-Erasmus__vect_POS-e1554135621192.jpg\"><img decoding=\"async\" loading=\"lazy\" class=\"alignleft wp-image-92598\" src=\"http:\/\/ms-frauenfeld.ac.at\/wordpress\/wp-content\/uploads\/2019\/03\/EU_flag-Erasmus__vect_POS-e1554135621192.jpg\" alt=\"\" width=\"200\" height=\"57\" \/><\/a><\/td>\n<td style=\"width: 50%;\">Erasmus+ Programm an der NN\u00f6MS Schwechat (Das Erasmus-Programm ist ein F\u00f6rderprogramm der Europ\u00e4ischen Union)<\/p>\n<p><a href=\"http:\/\/ms-frauenfeld.ac.at\/wordpress\/pilotschule-nms-schwechat-frauenfeld\/\" target=\"_blank\" rel=\"noopener noreferrer\">weitere Informationen &#8211; hier klicken&#8230;<\/a><\/p>\n<p><a href=\"https:\/\/erasmusplus.at\/\" target=\"_blank\" rel=\"noopener noreferrer\">https:\/\/erasmusplus.at\/<\/a><\/td>\n<\/tr>\n<tr>\n<td style=\"width: 50%;\"><a href=\"http:\/\/ms-frauenfeld.ac.at\/wordpress\/wp-content\/uploads\/2019\/06\/Kevin_Sieg.jpg\"><img decoding=\"async\" loading=\"lazy\" class=\"alignleft wp-image-92931 size-thumbnail\" src=\"http:\/\/ms-frauenfeld.ac.at\/wordpress\/wp-content\/uploads\/2019\/06\/Kevin_Sieg-150x150.jpg\" alt=\"\" width=\"150\" height=\"150\" \/><\/a><\/td>\n<td style=\"width: 50%;\">Leichtathletik-Stadtmeisterschaft! Kevin schaffte den 1. Platz bei der Leichtathletik-Stadtmeisterschaft!<\/p>\n<p><a href=\"http:\/\/ms-frauenfeld.ac.at\/wordpress\/1-platz\/\" target=\"_blank\" rel=\"noopener noreferrer\">weitere Informationen &#8211; hier klicken&#8230;<\/a><\/td>\n<\/tr>\n<tr>\n<td style=\"width: 50%;\"><a href=\"http:\/\/ms-frauenfeld.ac.at\/wordpress\/wp-content\/uploads\/2019\/07\/Schull\u00e4ufe.jpg\"><img decoding=\"async\" loading=\"lazy\" class=\"alignleft wp-image-93069\" src=\"http:\/\/ms-frauenfeld.ac.at\/wordpress\/wp-content\/uploads\/2019\/07\/Schull\u00e4ufe-300x111.jpg\" alt=\"\" width=\"200\" height=\"74\" srcset=\"https:\/\/ms-frauenfeld.ac.at\/wordpress\/wp-content\/uploads\/2019\/07\/Schull\u00e4ufe-300x111.jpg 300w, https:\/\/ms-frauenfeld.ac.at\/wordpress\/wp-content\/uploads\/2019\/07\/Schull\u00e4ufe-150x55.jpg 150w, https:\/\/ms-frauenfeld.ac.at\/wordpress\/wp-content\/uploads\/2019\/07\/Schull\u00e4ufe.jpg 369w\" sizes=\"(max-width: 200px) 100vw, 200px\" \/><\/a><\/td>\n<td style=\"width: 50%;\">Von unserer Schule haben 5 Sch\u00fclerinnen und 7 Sch\u00fcler den Schullauf (1.500 m bzw. 3.000 m) erfolgreich beendet, ein Sch\u00fcler konnte sich f\u00fcr das Bundesfinale qualifizieren.<\/p>\n<p><a href=\"http:\/\/ms-frauenfeld.ac.at\/wordpress\/20-jahre-austria-schullaeufe\/\" target=\"_blank\" rel=\"noopener noreferrer\">weiter Informationen &#8211; hier klicken&#8230;<\/a><\/p>\n<p><a href=\"http:\/\/schullauf.at\/\" target=\"_blank\" rel=\"noopener noreferrer\">www.schullauf.at<\/a><\/td>\n<\/tr>\n<tr>\n<td style=\"width: 50%;\"><a href=\"http:\/\/ms-frauenfeld.ac.at\/wordpress\/wp-content\/uploads\/2019\/07\/SVS-Logo.png\"><img decoding=\"async\" loading=\"lazy\" class=\"alignleft wp-image-93073\" src=\"http:\/\/ms-frauenfeld.ac.at\/wordpress\/wp-content\/uploads\/2019\/07\/SVS-Logo.png\" alt=\"\" width=\"200\" height=\"75\" srcset=\"https:\/\/ms-frauenfeld.ac.at\/wordpress\/wp-content\/uploads\/2019\/07\/SVS-Logo.png 295w, https:\/\/ms-frauenfeld.ac.at\/wordpress\/wp-content\/uploads\/2019\/07\/SVS-Logo-150x56.png 150w\" sizes=\"(max-width: 200px) 100vw, 200px\" \/><\/a><\/td>\n<td style=\"width: 50%;\">Unsere Damen trainieren unter der Leitung von Frau Ella Raiber (Volleyballtrainerin) und Frau Theresia Grubm\u00fcller jeden Donnerstag in der Unverbindlichen \u00dcbung: \u201eVolleyball\u201c. Hier das Ergebnis der gemeinsamen Arbeit: Ein toller 2. Platz bei den Volleyballmeisterschaften!<\/p>\n<p><a href=\"http:\/\/ms-frauenfeld.ac.at\/wordpress\/2-platz-schuelerliga-volleyball\/\" target=\"_blank\" rel=\"noopener noreferrer\">weitere Informationen &#8211; hier klicken&#8230;<\/a><\/p>\n<p><a href=\"https:\/\/svschwechat.at\/\" target=\"_blank\" rel=\"noopener noreferrer\">https:\/\/svschwechat.at\/<\/a><\/td>\n<\/tr>\n<tr>\n<td style=\"width: 50%;\"><a href=\"http:\/\/ms-frauenfeld.ac.at\/wordpress\/wp-content\/uploads\/2017\/12\/iv_teacher.jpg\"><img decoding=\"async\" loading=\"lazy\" class=\"alignleft wp-image-90821\" src=\"http:\/\/ms-frauenfeld.ac.at\/wordpress\/wp-content\/uploads\/2017\/12\/iv_teacher-300x71.jpg\" alt=\"\" width=\"200\" height=\"48\" srcset=\"https:\/\/ms-frauenfeld.ac.at\/wordpress\/wp-content\/uploads\/2017\/12\/iv_teacher-300x71.jpg 300w, https:\/\/ms-frauenfeld.ac.at\/wordpress\/wp-content\/uploads\/2017\/12\/iv_teacher-768x183.jpg 768w, https:\/\/ms-frauenfeld.ac.at\/wordpress\/wp-content\/uploads\/2017\/12\/iv_teacher-644x153.jpg 644w, https:\/\/ms-frauenfeld.ac.at\/wordpress\/wp-content\/uploads\/2017\/12\/iv_teacher-150x36.jpg 150w, https:\/\/ms-frauenfeld.ac.at\/wordpress\/wp-content\/uploads\/2017\/12\/iv_teacher.jpg 1024w\" sizes=\"(max-width: 200px) 100vw, 200px\" \/><\/a><\/td>\n<td style=\"width: 50%;\">IV-TEACHER\u00b4S AWARD 2019<\/p>\n<p>Ziel ist es, p\u00e4dagogisch und fachlich herausragende Leistungen der P\u00e4dagoginnen und P\u00e4dagogen anzuerkennen, wertzusch\u00e4tzen und auszuzeichnen!<br \/>\n<a href=\"http:\/\/ms-frauenfeld.ac.at\/wordpress\/nms-lehrer-vor-den-vorhang\/\" target=\"_blank\" rel=\"noopener noreferrer\">weiter Informationen\u00a0 &#8211; hier klicken&#8230;<\/a><\/td>\n<\/tr>\n<\/tbody>\n<\/table>\n","protected":false},"excerpt":{"rendered":"<p>\u200b &nbsp; \u00a9 OeAD\/Shutterstock\/Jack Black 2023: Alle Schulen, die bereits an der Ger\u00e4teinitiative \u201eDigitales Lernen\u201c teilnehmen, erhalten eine Plakette f\u00fcr ihr Schulgeb\u00e4ude per Post zugeschickt. Diese ist auch digital verf\u00fcgbar,\u2026<\/p>\n<p class=\"continue-reading-button\"> <a class=\"continue-reading-link\" href=\"https:\/\/ms-frauenfeld.ac.at\/wordpress\/auszeichnungen\/\">Lesen Sie mehr&#8230;<i class=\"crycon-right-dir\"><\/i><\/a><\/p>\n","protected":false},"author":2,"featured_media":0,"parent":0,"menu_order":0,"comment_status":"closed","ping_status":"closed","template":"","meta":{"footnotes":""},"_links":{"self":[{"href":"https:\/\/ms-frauenfeld.ac.at\/wordpress\/wp-json\/wp\/v2\/pages\/93054"}],"collection":[{"href":"https:\/\/ms-frauenfeld.ac.at\/wordpress\/wp-json\/wp\/v2\/pages"}],"about":[{"href":"https:\/\/ms-frauenfeld.ac.at\/wordpress\/wp-json\/wp\/v2\/types\/page"}],"author":[{"embeddable":true,"href":"https:\/\/ms-frauenfeld.ac.at\/wordpress\/wp-json\/wp\/v2\/users\/2"}],"replies":[{"embeddable":true,"href":"https:\/\/ms-frauenfeld.ac.at\/wordpress\/wp-json\/wp\/v2\/comments?post=93054"}],"version-history":[{"count":0,"href":"https:\/\/ms-frauenfeld.ac.at\/wordpress\/wp-json\/wp\/v2\/pages\/93054\/revisions"}],"wp:attachment":[{"href":"https:\/\/ms-frauenfeld.ac.at\/wordpress\/wp-json\/wp\/v2\/media?parent=93054"}],"curies":[{"name":"wp","href":"https:\/\/api.w.org\/{rel}","templated":true}]}}