{"id":95889,"date":"2021-07-12T15:13:00","date_gmt":"2021-07-12T13:13:00","guid":{"rendered":"https:\/\/ms-frauenfeld.ac.at\/wordpress\/?page_id=95889"},"modified":"2021-07-23T19:25:11","modified_gmt":"2021-07-23T17:25:11","slug":"nachricht-an-die-iss","status":"publish","type":"page","link":"https:\/\/ms-frauenfeld.ac.at\/wordpress\/nachricht-an-die-iss\/","title":{"rendered":"Nachricht an die ISS"},"content":{"rendered":"<div class=\"entry-meta\"><em>Signale ins Weltall<\/em><span style=\"font-family: 'Droid Sans';\">\u00a0Sch\u00fcler der Mittelschule Frauenfeld schrieben eigenes IT-Programm und schickten Sensordaten an Raumstation.<\/span><\/div>\n<div class=\"entry-content\">\n<p>Ein Bildungsangebot der europ\u00e4ischen Weltraumorganisation ESA machte es m\u00f6glich.<\/p>\n<p>Dabei k\u00f6nnen Jugendliche ein EDV-Programm schreiben, mit dem sie Sensoren in der internationalen Raumstation ISS ansprechen k\u00f6nnen. Konkret wurde durch die Programmierungsk\u00fcnste der Sch\u00fcler die Raumtemperatur auf einem Bildschirm der ISS angezeigt.<\/p>\n<p>\u201eJedes Kind schrieb daf\u00fcr einen individuellen Code\u201c, berichtet EDV-Lehrer und Initiator Stefan Brunner. Daf\u00fcr haben die Sch\u00fcler mehrere Testprogramme geschrieben und diese optimiert. Als der Code passte, wurde er \u00fcber eine Plattform der ESA hochgeladen. \u201eDen Kindern hat es viel Spa\u00df gemacht\u201c, wei\u00df Brunner. Als Andenken durften sich alle Sch\u00fcler \u00fcber ein Zertifikat der Weltraumorganisation freuen.<\/p>\n<\/div>\n<table style=\"border-collapse: collapse; width: 100%;\">\n<tbody>\n<tr>\n<td style=\"width: 100%;\"><span style=\"font-weight: 400;\">Der Radiobeitrag ist am Tag vor den Sommerferien auf Radio N\u00d6 gesendet worden. (2x in der Fr\u00fch und 1x am Nachmittag). Mitschnitt anbei als mp3-File.<\/span><\/p>\n<table style=\"border-collapse: collapse; width: 100%;\">\n<tbody>\n<tr>\n<td style=\"width: 100%; background-color: #3e7009;\"><audio style=\"background-image: url('img\/object.gif'); font-size: 15px;\" src=\"https:\/\/ms-frauenfeld.ac.at\/wordpress\/wp-content\/uploads\/2021\/07\/Mitschnitt-Programmieren-fuer-die-Raumstation.mp3\" controls=\"controls\"><\/audio><\/p>\n<p><a href=\"https:\/\/ms-frauenfeld.ac.at\/wordpress\/wp-content\/uploads\/2021\/07\/1024px-ORF_Niederoesterreich_Logo.svg_.png\"><img decoding=\"async\" loading=\"lazy\" class=\"alignleft wp-image-95941 size-medium\" src=\"https:\/\/ms-frauenfeld.ac.at\/wordpress\/wp-content\/uploads\/2021\/07\/1024px-ORF_Niederoesterreich_Logo.svg_-300x120.png\" alt=\"\" width=\"300\" height=\"120\" \/><\/a><\/td>\n<\/tr>\n<\/tbody>\n<\/table>\n<p><a href=\"https:\/\/docs.google.com\/document\/d\/1LSUpCwfcOeWiD6QbjPu4snZPBxzpdBsqthxrPeRJUmc\/edit\" target=\"_blank\" rel=\"noopener\">Quelle: hier klicken&#8230;<\/a><\/td>\n<\/tr>\n<\/tbody>\n<\/table>\n<div class=\"entry-content\">\n<table>\n<tbody>\n<tr>\n<td><a href=\"https:\/\/ms-frauenfeld.ac.at\/wordpress\/wp-content\/uploads\/2021\/07\/ISS_NOEN.png\"><img decoding=\"async\" loading=\"lazy\" class=\"alignleft wp-image-95858 size-large\" src=\"https:\/\/ms-frauenfeld.ac.at\/wordpress\/wp-content\/uploads\/2021\/07\/ISS_NOEN-644x500.png\" sizes=\"(max-width: 644px) 100vw, 644px\" srcset=\"https:\/\/ms-frauenfeld.ac.at\/wordpress\/wp-content\/uploads\/2021\/07\/ISS_NOEN-644x500.png 644w, https:\/\/ms-frauenfeld.ac.at\/wordpress\/wp-content\/uploads\/2021\/07\/ISS_NOEN-300x233.png 300w, https:\/\/ms-frauenfeld.ac.at\/wordpress\/wp-content\/uploads\/2021\/07\/ISS_NOEN-150x116.png 150w, https:\/\/ms-frauenfeld.ac.at\/wordpress\/wp-content\/uploads\/2021\/07\/ISS_NOEN-768x596.png 768w, https:\/\/ms-frauenfeld.ac.at\/wordpress\/wp-content\/uploads\/2021\/07\/ISS_NOEN.png 1024w\" alt=\"\" width=\"644\" height=\"500\" \/><\/a><\/td>\n<\/tr>\n<\/tbody>\n<\/table>\n<p><a href=\"https:\/\/ms-frauenfeld.ac.at\/wordpress\/wp-content\/uploads\/2021\/07\/ISS.pdf\" target=\"_blank\" rel=\"noopener\">Download: Bericht: NOEN, Woche 26\/2021, Seite 11<\/a><\/p>\n<table>\n<tbody>\n<tr>\n<td><span style=\"background-color: #ffcc00;\"><strong>Die Europ\u00e4ische Astro Pi Herausforderung ist ein ESA-Bildungsprojekt, das in Zusammenarbeit mit der Raspberry Pi Foundation durchgef\u00fchrt wird.<\/strong><\/span><\/p>\n<p><strong>Es bietet Sch\u00fclern und Jugendlichen die einzigartige M\u00f6glichkeit, wissenschaftliche Untersuchungen im Weltraum durchzuf\u00fchren<\/strong>, indem sie Computerprogramme schreiben, die auf Raspberry Pi Computern an Bord der Internationalen Raumstation (ISS) laufen.<\/td>\n<\/tr>\n<\/tbody>\n<\/table>\n<table>\n<tbody>\n<tr>\n<td><a href=\"https:\/\/ms-frauenfeld.ac.at\/wordpress\/wp-content\/uploads\/2021\/06\/mission_Astro-pi.jpg\"><img decoding=\"async\" loading=\"lazy\" class=\"alignleft wp-image-95789 size-medium\" src=\"https:\/\/ms-frauenfeld.ac.at\/wordpress\/wp-content\/uploads\/2021\/06\/mission_Astro-pi-300x204.jpg\" sizes=\"(max-width: 300px) 100vw, 300px\" srcset=\"https:\/\/ms-frauenfeld.ac.at\/wordpress\/wp-content\/uploads\/2021\/06\/mission_Astro-pi-300x204.jpg 300w, https:\/\/ms-frauenfeld.ac.at\/wordpress\/wp-content\/uploads\/2021\/06\/mission_Astro-pi-644x437.jpg 644w, https:\/\/ms-frauenfeld.ac.at\/wordpress\/wp-content\/uploads\/2021\/06\/mission_Astro-pi-150x102.jpg 150w, https:\/\/ms-frauenfeld.ac.at\/wordpress\/wp-content\/uploads\/2021\/06\/mission_Astro-pi-768x521.jpg 768w, https:\/\/ms-frauenfeld.ac.at\/wordpress\/wp-content\/uploads\/2021\/06\/mission_Astro-pi.jpg 787w\" alt=\"\" width=\"300\" height=\"204\" \/><\/a><\/td>\n<td><a href=\"https:\/\/ms-frauenfeld.ac.at\/wordpress\/wp-content\/uploads\/2021\/06\/Mission-pi.jpg\"><img decoding=\"async\" loading=\"lazy\" class=\"alignleft wp-image-95792 size-medium\" src=\"https:\/\/ms-frauenfeld.ac.at\/wordpress\/wp-content\/uploads\/2021\/06\/Mission-pi-221x300.jpg\" sizes=\"(max-width: 221px) 100vw, 221px\" srcset=\"https:\/\/ms-frauenfeld.ac.at\/wordpress\/wp-content\/uploads\/2021\/06\/Mission-pi-221x300.jpg 221w, https:\/\/ms-frauenfeld.ac.at\/wordpress\/wp-content\/uploads\/2021\/06\/Mission-pi-111x150.jpg 111w, https:\/\/ms-frauenfeld.ac.at\/wordpress\/wp-content\/uploads\/2021\/06\/Mission-pi.jpg 259w\" alt=\"\" width=\"221\" height=\"300\" \/><\/a><\/td>\n<\/tr>\n<\/tbody>\n<\/table>\n<p><strong>Mission Zero bietet Teilnehmern bis 14 Jahren\u00a0<\/strong><strong>die M\u00f6glichkeit, ihren Code auf der ISS laufen zu\u00a0<\/strong><strong>lassen!<\/strong><br \/>\nTeams oder Einzelpersonen schreiben ein\u00a0einfaches Programm, um eine Nachricht und einen\u00a0Feuchtigkeitsmesswert auf einem Astro Pi-Computer\u00a0anzuzeigen. Damit informieren sie die Astronauten,\u00a0w\u00e4hrend sie ihre t\u00e4glichen Aufgaben auf der ISS\u00a0erledigen.<\/p>\n<p>Quelle vom 23.6.2021:<a href=\"https:\/\/astro-pi.org\/media\/mission-zero-guidelines\/Astro_Pi_Mission_Zero_Guidelines_2020_21-de.pdf\" target=\"_blank\" rel=\"noopener\">\u00a0https:\/\/astro-pi.org\/media\/mission-zero-guidelines\/Astro_Pi_Mission_Zero_Guidelines_2020_21-de.pdf<\/a><\/p>\n<\/div>\n","protected":false},"excerpt":{"rendered":"<p>Signale ins Weltall\u00a0Sch\u00fcler der Mittelschule Frauenfeld schrieben eigenes IT-Programm und schickten Sensordaten an Raumstation. Ein Bildungsangebot der europ\u00e4ischen Weltraumorganisation ESA machte es m\u00f6glich. Dabei k\u00f6nnen Jugendliche ein EDV-Programm schreiben, mit\u2026<\/p>\n<p class=\"continue-reading-button\"> <a class=\"continue-reading-link\" href=\"https:\/\/ms-frauenfeld.ac.at\/wordpress\/nachricht-an-die-iss\/\">Lesen Sie mehr&#8230;<i class=\"crycon-right-dir\"><\/i><\/a><\/p>\n","protected":false},"author":2,"featured_media":0,"parent":0,"menu_order":0,"comment_status":"closed","ping_status":"closed","template":"","meta":{"footnotes":""},"_links":{"self":[{"href":"https:\/\/ms-frauenfeld.ac.at\/wordpress\/wp-json\/wp\/v2\/pages\/95889"}],"collection":[{"href":"https:\/\/ms-frauenfeld.ac.at\/wordpress\/wp-json\/wp\/v2\/pages"}],"about":[{"href":"https:\/\/ms-frauenfeld.ac.at\/wordpress\/wp-json\/wp\/v2\/types\/page"}],"author":[{"embeddable":true,"href":"https:\/\/ms-frauenfeld.ac.at\/wordpress\/wp-json\/wp\/v2\/users\/2"}],"replies":[{"embeddable":true,"href":"https:\/\/ms-frauenfeld.ac.at\/wordpress\/wp-json\/wp\/v2\/comments?post=95889"}],"version-history":[{"count":0,"href":"https:\/\/ms-frauenfeld.ac.at\/wordpress\/wp-json\/wp\/v2\/pages\/95889\/revisions"}],"wp:attachment":[{"href":"https:\/\/ms-frauenfeld.ac.at\/wordpress\/wp-json\/wp\/v2\/media?parent=95889"}],"curies":[{"name":"wp","href":"https:\/\/api.w.org\/{rel}","templated":true}]}}