{"id":95902,"date":"2021-07-12T15:24:12","date_gmt":"2021-07-12T13:24:12","guid":{"rendered":"https:\/\/ms-frauenfeld.ac.at\/wordpress\/?page_id=95902"},"modified":"2021-07-12T15:26:19","modified_gmt":"2021-07-12T13:26:19","slug":"aula-tv","status":"publish","type":"page","link":"https:\/\/ms-frauenfeld.ac.at\/wordpress\/aula-tv\/","title":{"rendered":"Aula-TV"},"content":{"rendered":"<h1 class=\"entry-title\"><span style=\"font-family: 'Droid Sans'; font-size: 15px;\">Frau Graf und die 4c (2020\/21): Gemeinsam verwirklichen sie das Projekt: \u201eAula-TV\u201c.<\/span><\/h1>\n<div class=\"entry-content\">\n<p>Dabei werden Beitr\u00e4ge (PowerPoint-Pr\u00e4sentationen von Referaten, Ergebnisse von Projektarbeiten) der Sch\u00fclerinnen und Sch\u00fcler von Alessandro (4c) gesammelt und dann auf den Aula-Bildschirm gestellt!<\/p>\n<p>Der Aula-Bildschirm ist ein gro\u00dfer Fernseher in der Aula der Schule, der beim Betreten des Eingangsbereichs gleich gesehen wird.<\/p>\n<table>\n<tbody>\n<tr>\n<td><a href=\"https:\/\/ms-frauenfeld.ac.at\/wordpress\/wp-content\/uploads\/2021\/03\/TV.png\"><iframe loading=\"lazy\" src=\"https:\/\/www.youtube.com\/embed\/xj7Blym5ook\" width=\"560\" height=\"314\" allowfullscreen=\"allowfullscreen\" data-mce-fragment=\"1\"><\/iframe><\/a><\/td>\n<\/tr>\n<\/tbody>\n<\/table>\n<\/div>\n","protected":false},"excerpt":{"rendered":"<p>Frau Graf und die 4c (2020\/21): Gemeinsam verwirklichen sie das Projekt: \u201eAula-TV\u201c. Dabei werden Beitr\u00e4ge (PowerPoint-Pr\u00e4sentationen von Referaten, Ergebnisse von Projektarbeiten) der Sch\u00fclerinnen und Sch\u00fcler von Alessandro (4c) gesammelt und\u2026<\/p>\n<p class=\"continue-reading-button\"> <a class=\"continue-reading-link\" href=\"https:\/\/ms-frauenfeld.ac.at\/wordpress\/aula-tv\/\">Lesen Sie mehr&#8230;<i class=\"crycon-right-dir\"><\/i><\/a><\/p>\n","protected":false},"author":2,"featured_media":0,"parent":0,"menu_order":0,"comment_status":"closed","ping_status":"closed","template":"","meta":{"footnotes":""},"_links":{"self":[{"href":"https:\/\/ms-frauenfeld.ac.at\/wordpress\/wp-json\/wp\/v2\/pages\/95902"}],"collection":[{"href":"https:\/\/ms-frauenfeld.ac.at\/wordpress\/wp-json\/wp\/v2\/pages"}],"about":[{"href":"https:\/\/ms-frauenfeld.ac.at\/wordpress\/wp-json\/wp\/v2\/types\/page"}],"author":[{"embeddable":true,"href":"https:\/\/ms-frauenfeld.ac.at\/wordpress\/wp-json\/wp\/v2\/users\/2"}],"replies":[{"embeddable":true,"href":"https:\/\/ms-frauenfeld.ac.at\/wordpress\/wp-json\/wp\/v2\/comments?post=95902"}],"version-history":[{"count":0,"href":"https:\/\/ms-frauenfeld.ac.at\/wordpress\/wp-json\/wp\/v2\/pages\/95902\/revisions"}],"wp:attachment":[{"href":"https:\/\/ms-frauenfeld.ac.at\/wordpress\/wp-json\/wp\/v2\/media?parent=95902"}],"curies":[{"name":"wp","href":"https:\/\/api.w.org\/{rel}","templated":true}]}}