{"id":96085,"date":"2021-10-23T07:19:21","date_gmt":"2021-10-23T05:19:21","guid":{"rendered":"https:\/\/ms-frauenfeld.ac.at\/wordpress\/?page_id=96085"},"modified":"2024-10-23T19:54:26","modified_gmt":"2024-10-23T17:54:26","slug":"service-chromebooks","status":"publish","type":"page","link":"https:\/\/ms-frauenfeld.ac.at\/wordpress\/service-chromebooks\/","title":{"rendered":"Service &#8211; Chromebooks"},"content":{"rendered":"<table style=\"border-collapse: collapse;\">\n<tbody>\n<tr>\n<td style=\"width: 50%; background-color: #cf9a27;\" colspan=\"2\"><span style=\"background-color: #ffcc00;\">GARANTIEMELDUNG:\u00a0<\/span><\/td>\n<\/tr>\n<tr>\n<td style=\"width: 50%;\"><a style=\"color: #d6341d;\" href=\"https:\/\/www.justedu.at\/\" target=\"_blank\" rel=\"noopener\"><span style=\"background-color: #ffff00;\"><strong>Ger\u00e4t defekt &#8211; hier melden:<\/strong><\/span><\/a><span style=\"background-color: #ffcc00;\">\u00a0<\/span><a style=\"background-color: #ffcc00;\" href=\"https:\/\/www.justedu.at\/\" target=\"_blank\" rel=\"noopener\">https:\/\/www.justedu.at\/<\/a><\/td>\n<td style=\"width: 50%;\">Es ist die OMEGA Handelsgesellschaft m.b.H. f\u00fcr die Abwicklung von Garantief\u00e4llen zust\u00e4ndig. Um einen Garantiefall einzumelden, ist zuvor eine Registrierung des Ger\u00e4ts erforderlich.<\/td>\n<\/tr>\n<\/tbody>\n<\/table>\n<table style=\"border-collapse: collapse; width: 100%; height: 739px;\">\n<tbody>\n<tr style=\"height: 24px;\">\n<td style=\"width: 100%; background-color: #cf9a27; height: 24px;\" colspan=\"2\"><span style=\"background-color: #ffcc00;\">ELTERNINFORMATIONEN &#8211; digitales Lernen:\u00a0 <a href=\"https:\/\/ms-frauenfeld.ac.at\/wordpress\/wp-content\/uploads\/2021\/10\/oead.jpg\"><img decoding=\"async\" loading=\"lazy\" class=\"alignright wp-image-96091 size-medium\" src=\"https:\/\/ms-frauenfeld.ac.at\/wordpress\/wp-content\/uploads\/2021\/10\/oead-300x32.jpg\" alt=\"\" width=\"300\" height=\"32\" srcset=\"https:\/\/ms-frauenfeld.ac.at\/wordpress\/wp-content\/uploads\/2021\/10\/oead-300x32.jpg 300w, https:\/\/ms-frauenfeld.ac.at\/wordpress\/wp-content\/uploads\/2021\/10\/oead-150x16.jpg 150w, https:\/\/ms-frauenfeld.ac.at\/wordpress\/wp-content\/uploads\/2021\/10\/oead.jpg 453w\" sizes=\"(max-width: 300px) 100vw, 300px\" \/><\/a><\/span><\/td>\n<\/tr>\n<tr style=\"height: 302px;\">\n<td style=\"width: 68.4524%; height: 302px;\">\n<ul>\n<li><a href=\"https:\/\/digitaleslernen.oead.at\/de\/fuer-eltern\/ueber-die-initiative\" target=\"_blank\" rel=\"noopener\">Worum geht es<\/a><\/li>\n<li><a href=\"https:\/\/digitaleslernen.oead.at\/de\/fuer-eltern\/geraete-support\" target=\"_blank\" rel=\"noopener\">Ger\u00e4te und Support<\/a><\/li>\n<li><a href=\"https:\/\/ms-frauenfeld.ac.at\/wordpress\/wp-content\/uploads\/2022\/06\/Chromebook_Elterninfo2022.pdf\" target=\"_blank\" rel=\"noopener\">Brosch\u00fcre 2022 &#8211; Elterninformation Juli 2022:\u00a0 hier klicken&#8230;<\/a><\/li>\n<li><a href=\"https:\/\/digitaleslernen.oead.at\/de\/fuer-eltern\/bezahlung-befreiung\" target=\"_blank\" rel=\"noopener\">Bezahlung und Befreiung<\/a><\/li>\n<li><a href=\"https:\/\/digitaleslernen.oead.at\/de\/garantie-versicherung\" target=\"_blank\" rel=\"noopener\">Garantie und Versicherung<\/a><\/li>\n<li><a href=\"https:\/\/digitaleslernen.oead.at\/de\/fuer-eltern\/unterstuetzung-tipps\" target=\"_blank\" rel=\"noopener\">Unterst\u00fctzung und Tipps<\/a><\/li>\n<li><a href=\"https:\/\/digitaleslernen.oead.at\/de\/faqs\/faqs-fuer-erziehungsberechtigte\/\" target=\"_blank\" rel=\"noopener\">H\u00e4ufig gestellte Fragen<\/a><\/li>\n<\/ul>\n<p>&nbsp;<\/td>\n<td style=\"width: 31.5476%; background-color: #cf9a27; height: 302px;\">&nbsp;<\/p>\n<p><a href=\"https:\/\/ms-frauenfeld.ac.at\/wordpress\/wp-content\/uploads\/2021\/06\/IMG_20210602_171712.jpg\"><img decoding=\"async\" loading=\"lazy\" class=\"size-thumbnail wp-image-95724 aligncenter\" src=\"https:\/\/ms-frauenfeld.ac.at\/wordpress\/wp-content\/uploads\/2021\/06\/IMG_20210602_171712-150x113.jpg\" alt=\"\" width=\"150\" height=\"113\" srcset=\"https:\/\/ms-frauenfeld.ac.at\/wordpress\/wp-content\/uploads\/2021\/06\/IMG_20210602_171712-150x113.jpg 150w, https:\/\/ms-frauenfeld.ac.at\/wordpress\/wp-content\/uploads\/2021\/06\/IMG_20210602_171712-300x225.jpg 300w, https:\/\/ms-frauenfeld.ac.at\/wordpress\/wp-content\/uploads\/2021\/06\/IMG_20210602_171712-644x483.jpg 644w, https:\/\/ms-frauenfeld.ac.at\/wordpress\/wp-content\/uploads\/2021\/06\/IMG_20210602_171712-768x576.jpg 768w, https:\/\/ms-frauenfeld.ac.at\/wordpress\/wp-content\/uploads\/2021\/06\/IMG_20210602_171712.jpg 1024w\" sizes=\"(max-width: 150px) 100vw, 150px\" \/><\/a><\/p>\n<p>&nbsp;<\/td>\n<\/tr>\n<tr style=\"height: 24px;\">\n<td style=\"width: 68.4524%; background-color: #cf9a27; height: 24px;\"><span style=\"background-color: #ffcc00;\">MEDIENINFORMATIONEN<\/span><\/td>\n<td style=\"width: 31.5476%; background-color: #cf9a27; height: 24px;\"><span style=\"background-color: #ffcc00;\"><strong>\u00a0<\/strong><\/span><\/td>\n<\/tr>\n<tr style=\"height: 225px;\">\n<td style=\"width: 68.4524%; height: 225px;\">\n<ul>\n<li><a href=\"https:\/\/ms-frauenfeld.ac.at\/wordpress\/digitales-lernen\/\" target=\"_blank\" rel=\"noopener\">digitales Lernen &#8211; die Ger\u00e4teinitiative geht los<\/a><\/li>\n<li><a href=\"https:\/\/ms-frauenfeld.ac.at\/wordpress\/chromebooks-fuer-alle\/\" target=\"_blank\" rel=\"noopener\">Chromebooks f\u00fcr alle<\/a><\/li>\n<li><a href=\"https:\/\/ms-frauenfeld.ac.at\/wordpress\/die-geraete-sind-da\/\" target=\"_blank\" rel=\"noopener\">Die Ger\u00e4te sind da<\/a><\/li>\n<\/ul>\n<\/td>\n<td style=\"width: 31.5476%; height: 225px;\"><span style=\"background-color: #ffcc00;\"><strong> <a href=\"https:\/\/ms-frauenfeld.ac.at\/wordpress\/wp-content\/uploads\/2021\/10\/loudspeaker-1459128_1280.png\"><img decoding=\"async\" loading=\"lazy\" class=\"alignleft wp-image-96065\" src=\"https:\/\/ms-frauenfeld.ac.at\/wordpress\/wp-content\/uploads\/2021\/10\/loudspeaker-1459128_1280.png\" alt=\"\" width=\"400\" height=\"388\" \/><\/a><\/strong><\/span><\/td>\n<\/tr>\n<tr style=\"height: 24px;\">\n<td style=\"width: 100%; background-color: #cf9a27; height: 24px;\" colspan=\"2\"><span style=\"background-color: #ccffff;\"><strong>2 Schritte zum Ger\u00e4t (Sie erhalten die notwendigen Informationen von Ihrer Schule)<\/strong><\/span><\/td>\n<\/tr>\n<tr style=\"height: 140px;\">\n<td style=\"width: 68.4524%; height: 140px;\">\n<ol>\n<li><strong>Best\u00e4tigung der AVB digital (<a href=\"https:\/\/www.formularservice.gv.at\/site\/fsrv\/user\/formular.aspx?pid=4e5d41ffd076417494ba9c901a1b8e82&amp;pn=B769c7b119a274db198862b9da2b196d7\" target=\"_blank\" rel=\"noopener\">hier klicken<\/a>) &#8211;<\/strong><br \/>\n<strong>dann erh\u00e4lt Ihr Kind das Ger\u00e4t<\/strong><\/li>\n<li><strong>Sie zahlen den Eigenanteil von rund 110 \u20ac<br \/>\n<\/strong>&#8212;&#8212;&#8212;&#8212;&#8212;&#8212;&#8212;&#8212;&#8212;&#8212;&#8212;&#8212;&#8212;&#8212;&#8212;&#8212;&#8212;&#8212;&#8212;<br \/>\n<strong>ODER suchen um Befreiung vom Eigenanteil an!<br \/>\n<\/strong><\/li>\n<\/ol>\n<p><a href=\"https:\/\/digitaleslernen.oead.at\/de\/fuer-eltern\/bezahlung-befreiung#c42622\" target=\"_blank\" rel=\"noopener\">Befreiungsgr\u00fcnde hier klicken&#8230;<\/a> \u00a0<a href=\"https:\/\/www.formularservice.gv.at\/site\/fsrv\/user\/formular.aspx?pid=4e5d41ffd076417494ba9c901a1b8e82&amp;pn=B769c7b119a274db198862b9da2b196d7&amp;data=%3Cdl%3E%3Cm%3E812616cd8fad4f918434c7d25fdc9a85%3C\/m%3E%3C\/dl%3E\" target=\"_blank\" rel=\"noopener\">Befreiungsformular &#8211; hier klicken&#8230;<\/a><\/td>\n<td style=\"width: 31.5476%; height: 140px;\">die AVB (Allgemeinen Vertragsbedingungen):<br \/>\n<a href=\"https:\/\/digitaleslernen.oead.at\/fileadmin\/Dokumente\/digitaleslernen.oead.at\/Allgemeine_Vertragsbedingungen.pdf\" target=\"_blank\" rel=\"noopener\">hier klicken&#8230;\u00a0<\/a><\/p>\n<h3 class=\"\"><\/h3>\n<\/td>\n<\/tr>\n<\/tbody>\n<\/table>\n<p>&nbsp;<\/p>\n<table style=\"border-collapse: collapse;\">\n<tbody>\n<tr>\n<td style=\"width: 50%; background-color: #cf9a27;\" colspan=\"2\"><span style=\"background-color: #ffcc00;\">HOTLINE\/ANSPRECHPARTNER (MS Schwechat Frauenfeld):\u00a0\u00a0<\/span><\/td>\n<\/tr>\n<tr>\n<td style=\"width: 50%;\" colspan=\"2\">Prof. BRUNNER Stefan<br \/>\nTel: 01\/707 73 53 \u2013 12 (Lehrerzimmer)<br \/>\n<strong>stefan.brunner(at)ms<\/strong><strong>-frauenfeld.ac.at<\/strong>&#8212;&#8212;&#8212;&#8212;&#8212;&#8212;&#8212;&#8212;&#8212;&#8212;&#8212;&#8212;&#8212;&#8212;&#8212;&#8212;&#8212;&#8212;&#8212;&#8212;&#8212;&#8212;&#8212;&#8211;Service f\u00fcr die Eltern: direkter Kontakt \u00fcber Schoolfox<\/td>\n<\/tr>\n<\/tbody>\n<\/table>\n<p>&nbsp;<\/p>\n<table style=\"border-collapse: collapse;\">\n<tbody>\n<tr>\n<td style=\"width: 50%; background-color: #cf9a27;\" colspan=\"2\"><span style=\"background-color: #ffcc00;\">HOTLINE &#8211; OEAD:\u00a0<\/span><\/td>\n<\/tr>\n<tr>\n<td style=\"width: 50%;\">Mo. \u2212 Fr. (werktags) von 07:30 \u2212 18:00 Uhr<\/p>\n<p><strong>Tel.: +43 720 080 356<\/strong>\u00a0(zum Ortstarif)<\/p>\n<p><a class=\"email\" href=\"mailto:digitaleslernen@oead.at\">digitaleslernen@oead.at<\/a><\/td>\n<td style=\"width: 50%;\">Sie haben Fragen rund um die Ger\u00e4teinitiative &#8222;Digitales Lernen&#8220;?<\/td>\n<\/tr>\n<\/tbody>\n<\/table>\n<p>&nbsp;<\/p>\n<p>&nbsp;<\/p>\n<p>&nbsp;<\/p>\n","protected":false},"excerpt":{"rendered":"<p>GARANTIEMELDUNG:\u00a0 Ger\u00e4t defekt &#8211; hier melden:\u00a0https:\/\/www.justedu.at\/ Es ist die OMEGA Handelsgesellschaft m.b.H. f\u00fcr die Abwicklung von Garantief\u00e4llen zust\u00e4ndig. Um einen Garantiefall einzumelden, ist zuvor eine Registrierung des Ger\u00e4ts erforderlich. ELTERNINFORMATIONEN\u2026<\/p>\n<p class=\"continue-reading-button\"> <a class=\"continue-reading-link\" href=\"https:\/\/ms-frauenfeld.ac.at\/wordpress\/service-chromebooks\/\">Lesen Sie mehr&#8230;<i class=\"crycon-right-dir\"><\/i><\/a><\/p>\n","protected":false},"author":2,"featured_media":0,"parent":0,"menu_order":0,"comment_status":"closed","ping_status":"closed","template":"","meta":{"footnotes":""},"_links":{"self":[{"href":"https:\/\/ms-frauenfeld.ac.at\/wordpress\/wp-json\/wp\/v2\/pages\/96085"}],"collection":[{"href":"https:\/\/ms-frauenfeld.ac.at\/wordpress\/wp-json\/wp\/v2\/pages"}],"about":[{"href":"https:\/\/ms-frauenfeld.ac.at\/wordpress\/wp-json\/wp\/v2\/types\/page"}],"author":[{"embeddable":true,"href":"https:\/\/ms-frauenfeld.ac.at\/wordpress\/wp-json\/wp\/v2\/users\/2"}],"replies":[{"embeddable":true,"href":"https:\/\/ms-frauenfeld.ac.at\/wordpress\/wp-json\/wp\/v2\/comments?post=96085"}],"version-history":[{"count":1,"href":"https:\/\/ms-frauenfeld.ac.at\/wordpress\/wp-json\/wp\/v2\/pages\/96085\/revisions"}],"predecessor-version":[{"id":97694,"href":"https:\/\/ms-frauenfeld.ac.at\/wordpress\/wp-json\/wp\/v2\/pages\/96085\/revisions\/97694"}],"wp:attachment":[{"href":"https:\/\/ms-frauenfeld.ac.at\/wordpress\/wp-json\/wp\/v2\/media?parent=96085"}],"curies":[{"name":"wp","href":"https:\/\/api.w.org\/{rel}","templated":true}]}}